{"id":6569,"date":"2022-12-16T15:45:00","date_gmt":"2022-12-16T11:45:00","guid":{"rendered":"https:\/\/etab.ac-reunion.fr\/lyc-sarda-garriga\/?page_id=6569"},"modified":"2022-12-16T15:52:46","modified_gmt":"2022-12-16T11:52:46","slug":"visite-de-lentreprise-decathlon-25-11-22","status":"publish","type":"page","link":"https:\/\/etab.ac-reunion.fr\/lyc-sarda-garriga\/visite-de-lentreprise-decathlon-25-11-22\/","title":{"rendered":"Visite de l&rsquo;entreprise D\u00e9cathlon &#8211; 25\/11\/22"},"content":{"rendered":"\n<blockquote class=\"wp-block-quote is-layout-flow wp-block-quote-is-layout-flow\">\n<p id=\"block-ef8cbb37-2e60-45ac-91fc-2aadad11422d\">\u00ab\u00a0Nous avons \u00e9tudi\u00e9 ce cas en classe et nous avons voulu voir comment l&rsquo;entreprise est organis\u00e9e sur le terrain. Nous avons pu observer l&rsquo;agencement du magasin, la logistique, les bureaux et le fonctionnement interne. Nous avons \u00e9galement particip\u00e9 \u00e0 la mise en rayon d&rsquo;articles, \u00e0 l&rsquo;approvisionnement \u00e0 travers la technologie RFID et \u00e0 l&rsquo;encaissement.<\/p>\n\n\n\n<p id=\"block-a55faea7-04b1-4083-a33d-af7a9446ac23\">Nous&nbsp;avons&nbsp;re\u00e7u&nbsp;un&nbsp;tr\u00e8s&nbsp;bel accueil !\u00a0\u00bb<\/p>\n\n\n\n<p id=\"block-7b440535-b473-46a1-9758-9327d8dc86fa\">Merci de nous avoir fait confiance et de nous avoir m\u00eame fait visiter les parties \u00ab\u00a0off\u00a0\u00bb de D\u00e9cathlon, tel que le coffre-fort.\u00a0\u00bbLa classe de TT3<\/p>\n<\/blockquote>\n\n\n<div class=\"wp-block-image\">\n<figure class=\"aligncenter size-large is-resized\"><a href=\"https:\/\/etab.ac-reunion.fr\/lyc-sarda-garriga\/wp-content\/uploads\/sites\/98\/2022\/12\/20221125_094959-scaled.jpg\" target=\"_blank\" rel=\"noreferrer noopener\"><img loading=\"lazy\" decoding=\"async\" src=\"https:\/\/etab.ac-reunion.fr\/lyc-sarda-garriga\/wp-content\/uploads\/sites\/98\/2022\/12\/20221125_094959-768x1024.jpg\" alt=\"\" class=\"wp-image-6568\" width=\"327\" height=\"436\" srcset=\"https:\/\/etab.ac-reunion.fr\/lyc-sarda-garriga\/wp-content\/uploads\/sites\/98\/2022\/12\/20221125_094959-768x1024.jpg 768w, https:\/\/etab.ac-reunion.fr\/lyc-sarda-garriga\/wp-content\/uploads\/sites\/98\/2022\/12\/20221125_094959-225x300.jpg 225w, https:\/\/etab.ac-reunion.fr\/lyc-sarda-garriga\/wp-content\/uploads\/sites\/98\/2022\/12\/20221125_094959-1152x1536.jpg 1152w, https:\/\/etab.ac-reunion.fr\/lyc-sarda-garriga\/wp-content\/uploads\/sites\/98\/2022\/12\/20221125_094959-1536x2048.jpg 1536w, https:\/\/etab.ac-reunion.fr\/lyc-sarda-garriga\/wp-content\/uploads\/sites\/98\/2022\/12\/20221125_094959-scaled.jpg 1920w\" sizes=\"auto, (max-width: 327px) 100vw, 327px\" \/><\/a><\/figure>\n<\/div>","protected":false},"excerpt":{"rendered":"<p>\u00ab\u00a0Nous avons \u00e9tudi\u00e9 ce cas en classe et nous avons voulu voir comment l&rsquo;entreprise est organis\u00e9e sur le terrain. Nous avons pu observer l&rsquo;agencement du magasin, la logistique, les bureaux et le fonctionnement interne. Nous avons \u00e9galement particip\u00e9 \u00e0 la mise en rayon d&rsquo;articles, \u00e0 l&rsquo;approvisionnement \u00e0 travers la technologie RFID et \u00e0 l&rsquo;encaissement. Nous&nbsp;avons&nbsp;re\u00e7u&nbsp;un&nbsp;tr\u00e8s&nbsp;bel [&hellip;]<\/p>\n","protected":false},"author":2934,"featured_media":0,"parent":0,"menu_order":0,"comment_status":"closed","ping_status":"closed","template":"","meta":{"footnotes":"","_links_to":"","_links_to_target":""},"class_list":["post-6569","page","type-page","status-publish","hentry"],"_links":{"self":[{"href":"https:\/\/etab.ac-reunion.fr\/lyc-sarda-garriga\/wp-json\/wp\/v2\/pages\/6569","targetHints":{"allow":["GET"]}}],"collection":[{"href":"https:\/\/etab.ac-reunion.fr\/lyc-sarda-garriga\/wp-json\/wp\/v2\/pages"}],"about":[{"href":"https:\/\/etab.ac-reunion.fr\/lyc-sarda-garriga\/wp-json\/wp\/v2\/types\/page"}],"author":[{"embeddable":true,"href":"https:\/\/etab.ac-reunion.fr\/lyc-sarda-garriga\/wp-json\/wp\/v2\/users\/2934"}],"replies":[{"embeddable":true,"href":"https:\/\/etab.ac-reunion.fr\/lyc-sarda-garriga\/wp-json\/wp\/v2\/comments?post=6569"}],"version-history":[{"count":2,"href":"https:\/\/etab.ac-reunion.fr\/lyc-sarda-garriga\/wp-json\/wp\/v2\/pages\/6569\/revisions"}],"predecessor-version":[{"id":6572,"href":"https:\/\/etab.ac-reunion.fr\/lyc-sarda-garriga\/wp-json\/wp\/v2\/pages\/6569\/revisions\/6572"}],"wp:attachment":[{"href":"https:\/\/etab.ac-reunion.fr\/lyc-sarda-garriga\/wp-json\/wp\/v2\/media?parent=6569"}],"curies":[{"name":"wp","href":"https:\/\/api.w.org\/{rel}","templated":true}]}}