{"id":7458,"date":"2024-04-02T09:28:33","date_gmt":"2024-04-02T05:28:33","guid":{"rendered":"https:\/\/etab.ac-reunion.fr\/lyc-sarda-garriga\/?page_id=7458"},"modified":"2024-04-02T09:39:24","modified_gmt":"2024-04-02T05:39:24","slug":"les-grimpeurs-de-sarda-champions-de-la-reunion-unss-descalade","status":"publish","type":"page","link":"https:\/\/etab.ac-reunion.fr\/lyc-sarda-garriga\/les-grimpeurs-de-sarda-champions-de-la-reunion-unss-descalade\/","title":{"rendered":"Les grimpeurs de Sarda champions de la R\u00e9union UNSS d\u2019escalade !"},"content":{"rendered":"\n<p>F\u00e9licitations aux grimpeurs de Sarda qui sont devenus mercredi 27 mars 2024, champions de la R\u00e9union UNSS d\u2019escalade. La comp\u00e9tition s\u2019est d\u00e9roul\u00e9e sur 2 journ\u00e9es et comprenait les 3 disciplines olympiques: le bloc, la difficult\u00e9 et la vitesse.<\/p>\n\n\n\n<figure class=\"wp-block-image size-large\"><a href=\"https:\/\/etab.ac-reunion.fr\/lyc-sarda-garriga\/wp-content\/uploads\/sites\/98\/2024\/04\/IMG_1191-scaled.jpg\" target=\"_blank\" rel=\"noreferrer noopener\"><img loading=\"lazy\" decoding=\"async\" width=\"1024\" height=\"768\" src=\"https:\/\/etab.ac-reunion.fr\/lyc-sarda-garriga\/wp-content\/uploads\/sites\/98\/2024\/04\/IMG_1191-1024x768.jpg\" alt=\"\" class=\"wp-image-7459\" srcset=\"https:\/\/etab.ac-reunion.fr\/lyc-sarda-garriga\/wp-content\/uploads\/sites\/98\/2024\/04\/IMG_1191-1024x768.jpg 1024w, https:\/\/etab.ac-reunion.fr\/lyc-sarda-garriga\/wp-content\/uploads\/sites\/98\/2024\/04\/IMG_1191-300x225.jpg 300w, https:\/\/etab.ac-reunion.fr\/lyc-sarda-garriga\/wp-content\/uploads\/sites\/98\/2024\/04\/IMG_1191-768x576.jpg 768w, https:\/\/etab.ac-reunion.fr\/lyc-sarda-garriga\/wp-content\/uploads\/sites\/98\/2024\/04\/IMG_1191-1536x1152.jpg 1536w, https:\/\/etab.ac-reunion.fr\/lyc-sarda-garriga\/wp-content\/uploads\/sites\/98\/2024\/04\/IMG_1191-2048x1536.jpg 2048w\" sizes=\"auto, (max-width: 1024px) 100vw, 1024px\" \/><\/a><\/figure>\n","protected":false},"excerpt":{"rendered":"<p>F\u00e9licitations aux grimpeurs de Sarda qui sont devenus mercredi 27 mars 2024, champions de la R\u00e9union UNSS d\u2019escalade. La comp\u00e9tition s\u2019est d\u00e9roul\u00e9e sur 2 journ\u00e9es et comprenait les 3 disciplines olympiques: le bloc, la difficult\u00e9 et la vitesse.<\/p>\n","protected":false},"author":2934,"featured_media":7466,"parent":0,"menu_order":0,"comment_status":"closed","ping_status":"closed","template":"","meta":{"footnotes":"","_links_to":"","_links_to_target":""},"class_list":["post-7458","page","type-page","status-publish","has-post-thumbnail","hentry"],"_links":{"self":[{"href":"https:\/\/etab.ac-reunion.fr\/lyc-sarda-garriga\/wp-json\/wp\/v2\/pages\/7458","targetHints":{"allow":["GET"]}}],"collection":[{"href":"https:\/\/etab.ac-reunion.fr\/lyc-sarda-garriga\/wp-json\/wp\/v2\/pages"}],"about":[{"href":"https:\/\/etab.ac-reunion.fr\/lyc-sarda-garriga\/wp-json\/wp\/v2\/types\/page"}],"author":[{"embeddable":true,"href":"https:\/\/etab.ac-reunion.fr\/lyc-sarda-garriga\/wp-json\/wp\/v2\/users\/2934"}],"replies":[{"embeddable":true,"href":"https:\/\/etab.ac-reunion.fr\/lyc-sarda-garriga\/wp-json\/wp\/v2\/comments?post=7458"}],"version-history":[{"count":2,"href":"https:\/\/etab.ac-reunion.fr\/lyc-sarda-garriga\/wp-json\/wp\/v2\/pages\/7458\/revisions"}],"predecessor-version":[{"id":7474,"href":"https:\/\/etab.ac-reunion.fr\/lyc-sarda-garriga\/wp-json\/wp\/v2\/pages\/7458\/revisions\/7474"}],"wp:featuredmedia":[{"embeddable":true,"href":"https:\/\/etab.ac-reunion.fr\/lyc-sarda-garriga\/wp-json\/wp\/v2\/media\/7466"}],"wp:attachment":[{"href":"https:\/\/etab.ac-reunion.fr\/lyc-sarda-garriga\/wp-json\/wp\/v2\/media?parent=7458"}],"curies":[{"name":"wp","href":"https:\/\/api.w.org\/{rel}","templated":true}]}}