{"id":7469,"date":"2024-04-02T11:17:33","date_gmt":"2024-04-02T07:17:33","guid":{"rendered":"https:\/\/etab.ac-reunion.fr\/lyc-sarda-garriga\/?page_id=7469"},"modified":"2024-04-26T16:55:09","modified_gmt":"2024-04-26T12:55:09","slug":"a-sarda-tous-pour-ela","status":"publish","type":"page","link":"https:\/\/etab.ac-reunion.fr\/lyc-sarda-garriga\/a-sarda-tous-pour-ela\/","title":{"rendered":"\u00a0\u00bb A SARDA ,TOUS pour ELA !!!!!"},"content":{"rendered":"\n<p><\/p>\n\n\n\n<blockquote class=\"wp-block-quote is-layout-flow wp-block-quote-is-layout-flow\">\n<blockquote class=\"wp-block-quote is-layout-flow wp-block-quote-is-layout-flow\">\n<p class=\"has-text-align-center\"><strong>Un grand MERCI \u00e0 tous ceux qui se sont mobilis\u00e9s pour les enfants d&rsquo;ELA !!<\/strong><\/p>\n\n\n\n<p>Le bureau d&rsquo;\u00e9l\u00e8ves de l&rsquo;Association sportive, les \u00e9l\u00e8ves de 1\u00e8res sp\u00e9cialit\u00e9 EPPCS et l&rsquo;\u00e9quipe des JIJ Ath\u00e8nes 2024 du Lyc\u00e9e SARDA GARRIGA ont&nbsp; mis \u00e0 l&rsquo;honneur les enfants d&rsquo;ELA. Mercredi 10 avril au gymnase Michel Debr\u00e9 en proposant des ateliers de sensibilisation et des challenges ouverts \u00e0 tous. \u00c9l\u00e8ves, professeurs et enfants ont chauss\u00e9 leur baskets et donn\u00e9 de leur temps pour soutenir cette noble cause lors de la semaine de la Sant\u00e9, quelle magnifique illustration !&nbsp; Des fonds ont \u00e9t\u00e9 r\u00e9colt\u00e9s \u00e0 cette occasion, ajout\u00e9s \u00e0 ceux de l&rsquo;ensemble des \u00e9l\u00e8ves de Seconde du Lyc\u00e9e.&nbsp;Pas moins de 400 euros vont \u00eatre redistribu\u00e9s \u00e0 l&rsquo;Association ELA en faveur de la recherche scientifique et du soutien aux familles. Cette ann\u00e9e encore et ce depuis plus de 15 ans, le Lyc\u00e9e SARDA GARRIGA a r\u00e9pondu pr\u00e9sent d\u00e8s qu&rsquo;il s&rsquo;agit d&rsquo;humanit\u00e9 et de solidarit\u00e9.&nbsp;<\/p>\n\n\n\n<p>Bravo \u00e0 tous , un bel exemple d&rsquo;engagement.<\/p>\n\n\n\n<p class=\"has-text-align-right\">Les professeurs et \u00e9l\u00e8ves responsables<\/p>\n\n\n\n<p class=\"has-text-align-right\">&nbsp;<\/p>\n\n\n\n<figure class=\"wp-block-gallery has-nested-images columns-default is-cropped wp-block-gallery-1 is-layout-flex wp-block-gallery-is-layout-flex\">\n<figure class=\"wp-block-image size-large\"><a href=\"https:\/\/etab.ac-reunion.fr\/lyc-sarda-garriga\/wp-content\/uploads\/sites\/98\/2024\/04\/IMG_1929-scaled.jpg\" target=\"_blank\" rel=\"noreferrer noopener\"><img loading=\"lazy\" decoding=\"async\" width=\"768\" height=\"1024\" data-id=\"7567\" src=\"https:\/\/etab.ac-reunion.fr\/lyc-sarda-garriga\/wp-content\/uploads\/sites\/98\/2024\/04\/IMG_1929-768x1024.jpg\" alt=\"\" class=\"wp-image-7567\" srcset=\"https:\/\/etab.ac-reunion.fr\/lyc-sarda-garriga\/wp-content\/uploads\/sites\/98\/2024\/04\/IMG_1929-768x1024.jpg 768w, https:\/\/etab.ac-reunion.fr\/lyc-sarda-garriga\/wp-content\/uploads\/sites\/98\/2024\/04\/IMG_1929-225x300.jpg 225w, https:\/\/etab.ac-reunion.fr\/lyc-sarda-garriga\/wp-content\/uploads\/sites\/98\/2024\/04\/IMG_1929-1152x1536.jpg 1152w, https:\/\/etab.ac-reunion.fr\/lyc-sarda-garriga\/wp-content\/uploads\/sites\/98\/2024\/04\/IMG_1929-1536x2048.jpg 1536w, https:\/\/etab.ac-reunion.fr\/lyc-sarda-garriga\/wp-content\/uploads\/sites\/98\/2024\/04\/IMG_1929-scaled.jpg 1920w\" sizes=\"auto, (max-width: 768px) 100vw, 768px\" \/><\/a><\/figure>\n\n\n\n<figure class=\"wp-block-image size-large\"><a href=\"https:\/\/etab.ac-reunion.fr\/lyc-sarda-garriga\/wp-content\/uploads\/sites\/98\/2024\/04\/IMG_1946-scaled.jpg\" target=\"_blank\" rel=\"noreferrer noopener\"><img loading=\"lazy\" decoding=\"async\" width=\"1024\" height=\"768\" data-id=\"7565\" src=\"https:\/\/etab.ac-reunion.fr\/lyc-sarda-garriga\/wp-content\/uploads\/sites\/98\/2024\/04\/IMG_1946-1024x768.jpg\" alt=\"\" class=\"wp-image-7565\" srcset=\"https:\/\/etab.ac-reunion.fr\/lyc-sarda-garriga\/wp-content\/uploads\/sites\/98\/2024\/04\/IMG_1946-1024x768.jpg 1024w, https:\/\/etab.ac-reunion.fr\/lyc-sarda-garriga\/wp-content\/uploads\/sites\/98\/2024\/04\/IMG_1946-300x225.jpg 300w, https:\/\/etab.ac-reunion.fr\/lyc-sarda-garriga\/wp-content\/uploads\/sites\/98\/2024\/04\/IMG_1946-768x576.jpg 768w, https:\/\/etab.ac-reunion.fr\/lyc-sarda-garriga\/wp-content\/uploads\/sites\/98\/2024\/04\/IMG_1946-1536x1152.jpg 1536w, https:\/\/etab.ac-reunion.fr\/lyc-sarda-garriga\/wp-content\/uploads\/sites\/98\/2024\/04\/IMG_1946-2048x1536.jpg 2048w\" sizes=\"auto, (max-width: 1024px) 100vw, 1024px\" \/><\/a><\/figure>\n\n\n\n<figure class=\"wp-block-image size-large\"><a href=\"https:\/\/etab.ac-reunion.fr\/lyc-sarda-garriga\/wp-content\/uploads\/sites\/98\/2024\/04\/IMG_1955-scaled.jpg\" target=\"_blank\" rel=\"noreferrer noopener\"><img loading=\"lazy\" decoding=\"async\" width=\"1024\" height=\"768\" data-id=\"7568\" src=\"https:\/\/etab.ac-reunion.fr\/lyc-sarda-garriga\/wp-content\/uploads\/sites\/98\/2024\/04\/IMG_1955-1024x768.jpg\" alt=\"\" class=\"wp-image-7568\" srcset=\"https:\/\/etab.ac-reunion.fr\/lyc-sarda-garriga\/wp-content\/uploads\/sites\/98\/2024\/04\/IMG_1955-1024x768.jpg 1024w, https:\/\/etab.ac-reunion.fr\/lyc-sarda-garriga\/wp-content\/uploads\/sites\/98\/2024\/04\/IMG_1955-300x225.jpg 300w, https:\/\/etab.ac-reunion.fr\/lyc-sarda-garriga\/wp-content\/uploads\/sites\/98\/2024\/04\/IMG_1955-768x576.jpg 768w, https:\/\/etab.ac-reunion.fr\/lyc-sarda-garriga\/wp-content\/uploads\/sites\/98\/2024\/04\/IMG_1955-1536x1152.jpg 1536w, https:\/\/etab.ac-reunion.fr\/lyc-sarda-garriga\/wp-content\/uploads\/sites\/98\/2024\/04\/IMG_1955-2048x1536.jpg 2048w\" sizes=\"auto, (max-width: 1024px) 100vw, 1024px\" \/><\/a><\/figure>\n\n\n\n<figure class=\"wp-block-image size-large\"><a href=\"https:\/\/etab.ac-reunion.fr\/lyc-sarda-garriga\/wp-content\/uploads\/sites\/98\/2024\/04\/IMG_1898-scaled.jpg\" target=\"_blank\" rel=\"noreferrer noopener\"><img loading=\"lazy\" decoding=\"async\" width=\"1024\" height=\"768\" data-id=\"7566\" src=\"https:\/\/etab.ac-reunion.fr\/lyc-sarda-garriga\/wp-content\/uploads\/sites\/98\/2024\/04\/IMG_1898-1024x768.jpg\" alt=\"\" class=\"wp-image-7566\" srcset=\"https:\/\/etab.ac-reunion.fr\/lyc-sarda-garriga\/wp-content\/uploads\/sites\/98\/2024\/04\/IMG_1898-1024x768.jpg 1024w, https:\/\/etab.ac-reunion.fr\/lyc-sarda-garriga\/wp-content\/uploads\/sites\/98\/2024\/04\/IMG_1898-300x225.jpg 300w, https:\/\/etab.ac-reunion.fr\/lyc-sarda-garriga\/wp-content\/uploads\/sites\/98\/2024\/04\/IMG_1898-768x576.jpg 768w, https:\/\/etab.ac-reunion.fr\/lyc-sarda-garriga\/wp-content\/uploads\/sites\/98\/2024\/04\/IMG_1898-1536x1152.jpg 1536w, https:\/\/etab.ac-reunion.fr\/lyc-sarda-garriga\/wp-content\/uploads\/sites\/98\/2024\/04\/IMG_1898-2048x1536.jpg 2048w\" sizes=\"auto, (max-width: 1024px) 100vw, 1024px\" \/><\/a><\/figure>\n<\/figure>\n<\/blockquote>\n<\/blockquote>\n\n\n\n<figure class=\"wp-block-gallery has-nested-images columns-default is-cropped wp-block-gallery-2 is-layout-flex wp-block-gallery-is-layout-flex\">\n<figure class=\"wp-block-image size-large\"><a href=\"https:\/\/etab.ac-reunion.fr\/lyc-sarda-garriga\/wp-content\/uploads\/sites\/98\/2024\/04\/IMG_1927-scaled.jpg\" target=\"_blank\" rel=\"noreferrer noopener\"><img loading=\"lazy\" decoding=\"async\" width=\"1024\" height=\"768\" data-id=\"7577\" src=\"https:\/\/etab.ac-reunion.fr\/lyc-sarda-garriga\/wp-content\/uploads\/sites\/98\/2024\/04\/IMG_1927-1024x768.jpg\" alt=\"\" class=\"wp-image-7577\" srcset=\"https:\/\/etab.ac-reunion.fr\/lyc-sarda-garriga\/wp-content\/uploads\/sites\/98\/2024\/04\/IMG_1927-1024x768.jpg 1024w, https:\/\/etab.ac-reunion.fr\/lyc-sarda-garriga\/wp-content\/uploads\/sites\/98\/2024\/04\/IMG_1927-300x225.jpg 300w, https:\/\/etab.ac-reunion.fr\/lyc-sarda-garriga\/wp-content\/uploads\/sites\/98\/2024\/04\/IMG_1927-768x576.jpg 768w, https:\/\/etab.ac-reunion.fr\/lyc-sarda-garriga\/wp-content\/uploads\/sites\/98\/2024\/04\/IMG_1927-1536x1152.jpg 1536w, https:\/\/etab.ac-reunion.fr\/lyc-sarda-garriga\/wp-content\/uploads\/sites\/98\/2024\/04\/IMG_1927-2048x1536.jpg 2048w\" sizes=\"auto, (max-width: 1024px) 100vw, 1024px\" \/><\/a><\/figure>\n\n\n\n<figure class=\"wp-block-image size-large\"><a href=\"https:\/\/etab.ac-reunion.fr\/lyc-sarda-garriga\/wp-content\/uploads\/sites\/98\/2024\/04\/IMG_1944-scaled.jpg\" target=\"_blank\" rel=\"noreferrer noopener\"><img loading=\"lazy\" decoding=\"async\" width=\"1024\" height=\"768\" data-id=\"7578\" src=\"https:\/\/etab.ac-reunion.fr\/lyc-sarda-garriga\/wp-content\/uploads\/sites\/98\/2024\/04\/IMG_1944-1024x768.jpg\" alt=\"\" class=\"wp-image-7578\" srcset=\"https:\/\/etab.ac-reunion.fr\/lyc-sarda-garriga\/wp-content\/uploads\/sites\/98\/2024\/04\/IMG_1944-1024x768.jpg 1024w, https:\/\/etab.ac-reunion.fr\/lyc-sarda-garriga\/wp-content\/uploads\/sites\/98\/2024\/04\/IMG_1944-300x225.jpg 300w, https:\/\/etab.ac-reunion.fr\/lyc-sarda-garriga\/wp-content\/uploads\/sites\/98\/2024\/04\/IMG_1944-768x576.jpg 768w, https:\/\/etab.ac-reunion.fr\/lyc-sarda-garriga\/wp-content\/uploads\/sites\/98\/2024\/04\/IMG_1944-1536x1152.jpg 1536w, https:\/\/etab.ac-reunion.fr\/lyc-sarda-garriga\/wp-content\/uploads\/sites\/98\/2024\/04\/IMG_1944-2048x1536.jpg 2048w\" sizes=\"auto, (max-width: 1024px) 100vw, 1024px\" \/><\/a><\/figure>\n\n\n\n<figure class=\"wp-block-image size-large\"><a href=\"https:\/\/etab.ac-reunion.fr\/lyc-sarda-garriga\/wp-content\/uploads\/sites\/98\/2024\/04\/IMG_1894-scaled.jpg\" target=\"_blank\" rel=\"noreferrer noopener\"><img loading=\"lazy\" decoding=\"async\" width=\"1024\" height=\"768\" data-id=\"7579\" src=\"https:\/\/etab.ac-reunion.fr\/lyc-sarda-garriga\/wp-content\/uploads\/sites\/98\/2024\/04\/IMG_1894-1024x768.jpg\" alt=\"\" class=\"wp-image-7579\" srcset=\"https:\/\/etab.ac-reunion.fr\/lyc-sarda-garriga\/wp-content\/uploads\/sites\/98\/2024\/04\/IMG_1894-1024x768.jpg 1024w, https:\/\/etab.ac-reunion.fr\/lyc-sarda-garriga\/wp-content\/uploads\/sites\/98\/2024\/04\/IMG_1894-300x225.jpg 300w, https:\/\/etab.ac-reunion.fr\/lyc-sarda-garriga\/wp-content\/uploads\/sites\/98\/2024\/04\/IMG_1894-768x576.jpg 768w, https:\/\/etab.ac-reunion.fr\/lyc-sarda-garriga\/wp-content\/uploads\/sites\/98\/2024\/04\/IMG_1894-1536x1152.jpg 1536w, https:\/\/etab.ac-reunion.fr\/lyc-sarda-garriga\/wp-content\/uploads\/sites\/98\/2024\/04\/IMG_1894-2048x1536.jpg 2048w\" sizes=\"auto, (max-width: 1024px) 100vw, 1024px\" \/><\/a><\/figure>\n<\/figure>\n\n\n\n<p class=\"has-text-align-center\"><strong><mark style=\"background-color:#ffffff\" class=\"has-inline-color has-black-color\">Mercredi 10 avril  2024 \u00e0 partir de 13h au gymnase M.Debr\u00e9.<\/mark><\/strong><\/p>\n\n\n\n<p>En d\u00e9but d&rsquo;ann\u00e9e scolaire, l&rsquo;\u00e9quipe EPS a lanc\u00e9 le projet ELA avec une majorit\u00e9 de classe de 2des comme chaque ann\u00e9e depuis plus de 15 ans.<\/p>\n\n\n\n<p>Au programme une vid\u00e9o suivie d&rsquo;une dict\u00e9e afin de sensibiliser les jeunes \u00e0 une cause humaine, la lutte contre les Leucodystrophies, maladie orpheline au service de laquelle la recherche scientifique est soutenue par l&rsquo;Association ELA, \u00e0 l&rsquo;\u00e9chelle europ\u00e9enne.<\/p>\n\n\n\n<p>Apr\u00e8s la dict\u00e9e, passons \u00e0 l&rsquo;action \u00ab\u00a0Mets tes baskets et bats la maladie\u00a0\u00bb !<\/p>\n\n\n\n<p>L&rsquo;id\u00e9e est de pratiquer une activit\u00e9 physique loisir, seul(e) ou \u00e0 plusieurs afin de r\u00e9colter des fonds sous la forme de vente de tickets en faveur de la recherche scientifique.<\/p>\n\n\n\n<pre class=\"wp-block-code has-medium-font-size\"><code><mark style=\"background-color:#ffffff\" class=\"has-inline-color has-pale-pink-color\"><strong>Se mouvoir et s'\u00e9mouvoir !!!!<\/strong><\/mark><\/code><\/pre>\n\n\n\n<p>Les \u00e9l\u00e8ves du bureau de l&rsquo;Association sportive ont choisi cette noble cause comme support \u00e0 leur projet pour l&rsquo;ann\u00e9e 2023-2024. \u00ab\u00a0Donner un peu de soi pour autrui.\u00a0\u00bb<\/p>\n\n\n\n<p>Aussi, avec l&rsquo;aide des \u00e9l\u00e8ves de 1\u00e8res de sp\u00e9cialit\u00e9s EPPCS et celle de l&rsquo;\u00e9quipe des JIJ Ath\u00e8nes 2024 ( Jeux Internationaux de la Jeunesse), ces jeunes ont \u00e9labor\u00e9 des challenges sportifs et culturels, accessibles \u00e0 tous (voir flyer joint r\u00e9alis\u00e9 par K\u00e9doravalli Narayanin 209) dans la joie et la bonne humeur.<\/p>\n\n\n\n<p class=\"has-text-align-center\"><strong><mark style=\"background-color:#ffffff\" class=\"has-inline-color has-pale-pink-color\">\u00c9l\u00e8ves, enseignants et personnels du Lyc\u00e9e Sarda Garriga sont attendus le mercredi 10 avril au Gymnase M.Debr\u00e9 \u00e0 partir de 13h afin de se mobiliser collectivement en faveur des enfants d&rsquo;ELA sous l&rsquo;impulsion des \u00e9l\u00e8ves du bureau AS.<\/mark><\/strong><\/p>\n\n\n\n<p>Lisez attentivement le superbe flyer ci dessous. <\/p>\n\n\n\n<pre class=\"wp-block-code has-medium-font-size\"><code><mark style=\"background-color:#ffffff\" class=\"has-inline-color has-pale-pink-color\"><strong>En esp\u00e9rant vous compter nombreux ! Tout seul on va plus vite, ensemble on va plus loin<\/strong><\/mark><\/code><\/pre>\n\n\n\n<p class=\"has-text-align-right\">Le bureau \u00e9l\u00e8ves de l&rsquo;AS ,<br>Anthony, Leslie et Kedoravalli<br>L&rsquo;\u00e9quipe des professeurs EPS \u00ab\u00a0<\/p>\n\n\n<div class=\"wp-block-image\">\n<figure class=\"aligncenter size-large is-resized\"><a href=\"https:\/\/etab.ac-reunion.fr\/lyc-sarda-garriga\/wp-content\/uploads\/sites\/98\/2024\/04\/PHOTO-2024-03-31-18-49-02.jpg\" target=\"_blank\" rel=\"noreferrer noopener\"><img loading=\"lazy\" decoding=\"async\" width=\"723\" height=\"1024\" src=\"https:\/\/etab.ac-reunion.fr\/lyc-sarda-garriga\/wp-content\/uploads\/sites\/98\/2024\/04\/PHOTO-2024-03-31-18-49-02-723x1024.jpg\" alt=\"\" class=\"wp-image-7493\" style=\"width:169px;height:auto\" srcset=\"https:\/\/etab.ac-reunion.fr\/lyc-sarda-garriga\/wp-content\/uploads\/sites\/98\/2024\/04\/PHOTO-2024-03-31-18-49-02-723x1024.jpg 723w, https:\/\/etab.ac-reunion.fr\/lyc-sarda-garriga\/wp-content\/uploads\/sites\/98\/2024\/04\/PHOTO-2024-03-31-18-49-02-212x300.jpg 212w, https:\/\/etab.ac-reunion.fr\/lyc-sarda-garriga\/wp-content\/uploads\/sites\/98\/2024\/04\/PHOTO-2024-03-31-18-49-02-768x1087.jpg 768w, https:\/\/etab.ac-reunion.fr\/lyc-sarda-garriga\/wp-content\/uploads\/sites\/98\/2024\/04\/PHOTO-2024-03-31-18-49-02.jpg 904w\" sizes=\"auto, (max-width: 723px) 100vw, 723px\" \/><\/a><\/figure>\n<\/div>\n\n\n<p class=\"has-text-align-center\"><em>Cliquez sur l&rsquo;affiche pour l&rsquo;agrandir<\/em><\/p>\n","protected":false},"excerpt":{"rendered":"<p>Mercredi 10 avril 2024 \u00e0 partir de 13h au gymnase M.Debr\u00e9. En d\u00e9but d&rsquo;ann\u00e9e scolaire, l&rsquo;\u00e9quipe EPS a lanc\u00e9 le projet ELA avec une majorit\u00e9 de classe de 2des comme chaque ann\u00e9e depuis plus de 15 ans. Au programme une vid\u00e9o suivie d&rsquo;une dict\u00e9e afin de sensibiliser les jeunes \u00e0 une cause humaine, la lutte [&hellip;]<\/p>\n","protected":false},"author":2934,"featured_media":7473,"parent":0,"menu_order":0,"comment_status":"closed","ping_status":"closed","template":"","meta":{"footnotes":"","_links_to":"","_links_to_target":""},"class_list":["post-7469","page","type-page","status-publish","has-post-thumbnail","hentry"],"_links":{"self":[{"href":"https:\/\/etab.ac-reunion.fr\/lyc-sarda-garriga\/wp-json\/wp\/v2\/pages\/7469","targetHints":{"allow":["GET"]}}],"collection":[{"href":"https:\/\/etab.ac-reunion.fr\/lyc-sarda-garriga\/wp-json\/wp\/v2\/pages"}],"about":[{"href":"https:\/\/etab.ac-reunion.fr\/lyc-sarda-garriga\/wp-json\/wp\/v2\/types\/page"}],"author":[{"embeddable":true,"href":"https:\/\/etab.ac-reunion.fr\/lyc-sarda-garriga\/wp-json\/wp\/v2\/users\/2934"}],"replies":[{"embeddable":true,"href":"https:\/\/etab.ac-reunion.fr\/lyc-sarda-garriga\/wp-json\/wp\/v2\/comments?post=7469"}],"version-history":[{"count":29,"href":"https:\/\/etab.ac-reunion.fr\/lyc-sarda-garriga\/wp-json\/wp\/v2\/pages\/7469\/revisions"}],"predecessor-version":[{"id":7583,"href":"https:\/\/etab.ac-reunion.fr\/lyc-sarda-garriga\/wp-json\/wp\/v2\/pages\/7469\/revisions\/7583"}],"wp:featuredmedia":[{"embeddable":true,"href":"https:\/\/etab.ac-reunion.fr\/lyc-sarda-garriga\/wp-json\/wp\/v2\/media\/7473"}],"wp:attachment":[{"href":"https:\/\/etab.ac-reunion.fr\/lyc-sarda-garriga\/wp-json\/wp\/v2\/media?parent=7469"}],"curies":[{"name":"wp","href":"https:\/\/api.w.org\/{rel}","templated":true}]}}