{"id":7672,"date":"2024-05-03T11:19:29","date_gmt":"2024-05-03T07:19:29","guid":{"rendered":"https:\/\/etab.ac-reunion.fr\/lyc-sarda-garriga\/?page_id=7672"},"modified":"2024-05-03T11:25:12","modified_gmt":"2024-05-03T07:25:12","slug":"raid-de-lest-et-olympiades-des-lyceens-24-04-2024","status":"publish","type":"page","link":"https:\/\/etab.ac-reunion.fr\/lyc-sarda-garriga\/raid-de-lest-et-olympiades-des-lyceens-24-04-2024\/","title":{"rendered":"Raid de l&rsquo;EST et Olympiades des Lyc\u00e9ens &#8211; 24\/04\/2024"},"content":{"rendered":"\n<p>L&rsquo;Association sportive du Lyc\u00e9e SARDA GARRIGA sur le toit de l&rsquo;acad\u00e9mie !!!!<\/p>\n\n\n\n<p>Mercredi 24 avril dernier, pas moins de 35 \u00e9l\u00e8ves licenci\u00e9s UNSS du Lyc\u00e9e ont repr\u00e9sent\u00e9 l&rsquo;\u00e9tablissement \u00e0 l&rsquo;\u00e9chelle acad\u00e9mique au Raid de l&rsquo;EST associ\u00e9 aux Olympiades des Lyc\u00e9ens.<\/p>\n\n\n\n<p>Au programme, raid APPN multi activit\u00e9s ( paddle, kayak, bike and run, CO et tir \u00e0 l&rsquo;arc) , green volley + hand et tennis volley.&nbsp;<\/p>\n\n\n\n<p>Les \u00e9l\u00e8ves de Sarda ont honor\u00e9 toutes les activit\u00e9s.<\/p>\n\n\n\n<p>Une journ\u00e9e sous un soleil de plomb qui n&rsquo;a pas eu raison de nos supers sportifs !!!!&nbsp;<\/p>\n\n\n\n<p>SARDA Vainqueur au classement g\u00e9n\u00e9ral, toutes activit\u00e9s confondues, un bel exemple d&rsquo;\u00e9galit\u00e9 filles-gar\u00e7ons puisque toutes les \u00e9quipes \u00e9taient mixtes !<\/p>\n\n\n\n<p>FELICITATIONS&nbsp; A&nbsp; TOUS&nbsp;<\/p>\n\n\n\n<p class=\"has-text-align-right\">Les Professeurs d&rsquo;EPS&nbsp;<\/p>\n\n\n\n<figure class=\"wp-block-image size-large\"><a href=\"https:\/\/etab.ac-reunion.fr\/lyc-sarda-garriga\/wp-content\/uploads\/sites\/98\/2024\/05\/Raid-de-lEST-et-Olympiades-Lyceens-scaled.jpg\" target=\"_blank\" rel=\"noreferrer noopener\"><img loading=\"lazy\" decoding=\"async\" width=\"1024\" height=\"768\" src=\"https:\/\/etab.ac-reunion.fr\/lyc-sarda-garriga\/wp-content\/uploads\/sites\/98\/2024\/05\/Raid-de-lEST-et-Olympiades-Lyceens-1024x768.jpg\" alt=\"\" class=\"wp-image-7673\" srcset=\"https:\/\/etab.ac-reunion.fr\/lyc-sarda-garriga\/wp-content\/uploads\/sites\/98\/2024\/05\/Raid-de-lEST-et-Olympiades-Lyceens-1024x768.jpg 1024w, https:\/\/etab.ac-reunion.fr\/lyc-sarda-garriga\/wp-content\/uploads\/sites\/98\/2024\/05\/Raid-de-lEST-et-Olympiades-Lyceens-300x225.jpg 300w, https:\/\/etab.ac-reunion.fr\/lyc-sarda-garriga\/wp-content\/uploads\/sites\/98\/2024\/05\/Raid-de-lEST-et-Olympiades-Lyceens-768x576.jpg 768w, https:\/\/etab.ac-reunion.fr\/lyc-sarda-garriga\/wp-content\/uploads\/sites\/98\/2024\/05\/Raid-de-lEST-et-Olympiades-Lyceens-1536x1152.jpg 1536w, https:\/\/etab.ac-reunion.fr\/lyc-sarda-garriga\/wp-content\/uploads\/sites\/98\/2024\/05\/Raid-de-lEST-et-Olympiades-Lyceens-2048x1536.jpg 2048w\" sizes=\"auto, (max-width: 1024px) 100vw, 1024px\" \/><\/a><\/figure>\n","protected":false},"excerpt":{"rendered":"<p>L&rsquo;Association sportive du Lyc\u00e9e SARDA GARRIGA sur le toit de l&rsquo;acad\u00e9mie !!!! Mercredi 24 avril dernier, pas moins de 35 \u00e9l\u00e8ves licenci\u00e9s UNSS du Lyc\u00e9e ont repr\u00e9sent\u00e9 l&rsquo;\u00e9tablissement \u00e0 l&rsquo;\u00e9chelle acad\u00e9mique au Raid de l&rsquo;EST associ\u00e9 aux Olympiades des Lyc\u00e9ens. Au programme, raid APPN multi activit\u00e9s ( paddle, kayak, bike and run, CO et tir [&hellip;]<\/p>\n","protected":false},"author":2934,"featured_media":7673,"parent":0,"menu_order":0,"comment_status":"closed","ping_status":"closed","template":"","meta":{"footnotes":"","_links_to":"","_links_to_target":""},"class_list":["post-7672","page","type-page","status-publish","has-post-thumbnail","hentry"],"_links":{"self":[{"href":"https:\/\/etab.ac-reunion.fr\/lyc-sarda-garriga\/wp-json\/wp\/v2\/pages\/7672","targetHints":{"allow":["GET"]}}],"collection":[{"href":"https:\/\/etab.ac-reunion.fr\/lyc-sarda-garriga\/wp-json\/wp\/v2\/pages"}],"about":[{"href":"https:\/\/etab.ac-reunion.fr\/lyc-sarda-garriga\/wp-json\/wp\/v2\/types\/page"}],"author":[{"embeddable":true,"href":"https:\/\/etab.ac-reunion.fr\/lyc-sarda-garriga\/wp-json\/wp\/v2\/users\/2934"}],"replies":[{"embeddable":true,"href":"https:\/\/etab.ac-reunion.fr\/lyc-sarda-garriga\/wp-json\/wp\/v2\/comments?post=7672"}],"version-history":[{"count":2,"href":"https:\/\/etab.ac-reunion.fr\/lyc-sarda-garriga\/wp-json\/wp\/v2\/pages\/7672\/revisions"}],"predecessor-version":[{"id":7677,"href":"https:\/\/etab.ac-reunion.fr\/lyc-sarda-garriga\/wp-json\/wp\/v2\/pages\/7672\/revisions\/7677"}],"wp:featuredmedia":[{"embeddable":true,"href":"https:\/\/etab.ac-reunion.fr\/lyc-sarda-garriga\/wp-json\/wp\/v2\/media\/7673"}],"wp:attachment":[{"href":"https:\/\/etab.ac-reunion.fr\/lyc-sarda-garriga\/wp-json\/wp\/v2\/media?parent=7672"}],"curies":[{"name":"wp","href":"https:\/\/api.w.org\/{rel}","templated":true}]}}