{"id":7756,"date":"2025-08-21T10:24:06","date_gmt":"2025-08-21T06:24:06","guid":{"rendered":"https:\/\/etab.ac-reunion.fr\/lyc-sarda-garriga\/?page_id=7756"},"modified":"2025-08-21T10:46:58","modified_gmt":"2025-08-21T06:46:58","slug":"pass-culture-pour-les-eleves-compte-educonnect-eleve","status":"publish","type":"page","link":"https:\/\/etab.ac-reunion.fr\/lyc-sarda-garriga\/pass-culture-pour-les-eleves-compte-educonnect-eleve\/","title":{"rendered":"Pass Culture pour les \u00e9l\u00e8ves &#8211; Compte Educonnect El\u00e8ve"},"content":{"rendered":"\n<p>Le Pass Culture permet de faciliter l&rsquo;acc\u00e8s des jeunes \u00e0 la culture. Mis en place en 2021, le Pass Culture s&rsquo;adresse d\u00e9sormais dans sa part individuelle \u00e0 tous les jeunes de 15 \u00e0 18&nbsp;ans, et dans sa part collective \u00e0 tous les \u00e9l\u00e8ves de la sixi\u00e8me \u00e0 la terminale (sans condition d&rsquo;\u00e2ge).<\/p>\n\n\n\n<p>&#8211; \u00c0 partir du 1er mars 2025, <strong>les nouveaux inscrits de 15 et 16 ans<\/strong> ne b\u00e9n\u00e9ficieront plus d\u2019un cr\u00e9dit d\u00e9di\u00e9 accessible via le pass Culture. Ils auront n\u00e9anmoins toujours la possibilit\u00e9 de s\u2019inscrire sur la plateforme pour s\u2019informer et profiter des offres gratuites.<\/p>\n\n\n\n<p><strong>&#8211; A 17 ans&nbsp;<\/strong>: 50 \u20ac de cr\u00e9dit pour d\u00e9couvrir et r\u00e9server des offres culturelles tout en profitant des offres gratuites.<\/p>\n\n\n\n<p>&#8211; A&nbsp;<strong>18 ans<\/strong>&nbsp;: 150 \u20ac de cr\u00e9dit pour intensifier ses pratiques et \u00e9largir ses horizons culturels tout en b\u00e9n\u00e9ficiant de bons plans gratuits.<\/p>\n\n\n\n<p>Nous incitons\u00a0chaque \u00e9l\u00e8ve\u00a0\u00e0 activer d\u00e8s \u00e0 pr\u00e9sent son compte\u00a0Educonnect\u00a0\u00e9l\u00e8ve \u00a0<a href=\"https:\/\/moncompte.educonnect.education.gouv.fr\/\" target=\"_blank\" rel=\"noreferrer noopener\"><strong><u>https:\/\/moncompte.educonnect.education.gouv.fr<\/u><\/strong><\/a><\/p>\n\n\n\n<p><\/p>\n\n\n\n<h3 class=\"wp-block-heading has-text-align-center\" id=\"edugouv-summary-item-1\"><strong><span class=\"has-inline-color has-vivid-red-color\">4 \u00e9tapes pour acc\u00e9der au dispositif<\/span><\/strong>  <\/h3>\n\n\n<div class=\"wp-block-image\">\n<figure class=\"aligncenter size-full is-resized\"><img loading=\"lazy\" decoding=\"async\" width=\"225\" height=\"225\" src=\"https:\/\/etab.ac-reunion.fr\/lyc-sarda-garriga\/wp-content\/uploads\/sites\/98\/2021\/12\/pass_culture-1.jpg\" alt=\"\" class=\"wp-image-5306\" style=\"width:58px;height:58px\" srcset=\"https:\/\/etab.ac-reunion.fr\/lyc-sarda-garriga\/wp-content\/uploads\/sites\/98\/2021\/12\/pass_culture-1.jpg 225w, https:\/\/etab.ac-reunion.fr\/lyc-sarda-garriga\/wp-content\/uploads\/sites\/98\/2021\/12\/pass_culture-1-60x60.jpg 60w, https:\/\/etab.ac-reunion.fr\/lyc-sarda-garriga\/wp-content\/uploads\/sites\/98\/2021\/12\/pass_culture-1-200x200.jpg 200w, https:\/\/etab.ac-reunion.fr\/lyc-sarda-garriga\/wp-content\/uploads\/sites\/98\/2021\/12\/pass_culture-1-130x130.jpg 130w, https:\/\/etab.ac-reunion.fr\/lyc-sarda-garriga\/wp-content\/uploads\/sites\/98\/2021\/12\/pass_culture-1-67x67.jpg 67w, https:\/\/etab.ac-reunion.fr\/lyc-sarda-garriga\/wp-content\/uploads\/sites\/98\/2021\/12\/pass_culture-1-40x40.jpg 40w, https:\/\/etab.ac-reunion.fr\/lyc-sarda-garriga\/wp-content\/uploads\/sites\/98\/2021\/12\/pass_culture-1-184x184.jpg 184w\" sizes=\"auto, (max-width: 225px) 100vw, 225px\" \/><\/figure>\n<\/div>\n\n\n<ol class=\"wp-block-list\">\n<li>Se munir de ses identifiants EduConnect El\u00e8ve (disponibles aupr\u00e8s de son \u00e9tablissement) et cr\u00e9er un compte (vous aurez \u00e0 personnaliser votre mot de passe). <\/li>\n\n\n\n<li>T\u00e9l\u00e9charger l&rsquo; application Pass Culture sur smartphone<\/li>\n\n\n\n<li>Ouvrir des droits gr\u00e2ce \u00e0 ses identifiants EduConnect <\/li>\n\n\n\n<li>Utiliser son cr\u00e9dit en achetant des produits culturels (pour les 17 &#8211; 18ans)<\/li>\n<\/ol>\n\n\n\n<p class=\"has-text-align-center\"><\/p>\n\n\n\n<div class=\"wp-block-buttons is-content-justification-center is-layout-flex wp-container-core-buttons-is-layout-16018d1d wp-block-buttons-is-layout-flex\">\n<div class=\"wp-block-button\"><a class=\"wp-block-button__link wp-element-button\" href=\"https:\/\/www.ac-reunion.fr\/qu-est-ce-que-le-pass-culture-123305\" target=\"_blank\" rel=\"noreferrer noopener\">Source acad\u00e9mique<\/a><\/div>\n<\/div>\n\n\n\n<p>Nous souhaitons&nbsp;\u00e0 nos&nbsp;\u00e9l\u00e8ves&nbsp;une belle d\u00e9couverte et pratique culturelle gr\u00e2ce \u00e0 ce dispositif<\/p>\n\n\n\n<p class=\"has-text-align-center\"><\/p>\n\n\n\n<p><\/p>\n","protected":false},"excerpt":{"rendered":"<p>Le Pass Culture permet de faciliter l&rsquo;acc\u00e8s des jeunes \u00e0 la culture. Mis en place en 2021, le Pass Culture s&rsquo;adresse d\u00e9sormais dans sa part individuelle \u00e0 tous les jeunes de 15 \u00e0 18&nbsp;ans, et dans sa part collective \u00e0 tous les \u00e9l\u00e8ves de la sixi\u00e8me \u00e0 la terminale (sans condition d&rsquo;\u00e2ge). &#8211; \u00c0 partir [&hellip;]<\/p>\n","protected":false},"author":2934,"featured_media":0,"parent":0,"menu_order":0,"comment_status":"closed","ping_status":"closed","template":"","meta":{"footnotes":"","_links_to":"","_links_to_target":""},"class_list":["post-7756","page","type-page","status-publish","hentry"],"_links":{"self":[{"href":"https:\/\/etab.ac-reunion.fr\/lyc-sarda-garriga\/wp-json\/wp\/v2\/pages\/7756","targetHints":{"allow":["GET"]}}],"collection":[{"href":"https:\/\/etab.ac-reunion.fr\/lyc-sarda-garriga\/wp-json\/wp\/v2\/pages"}],"about":[{"href":"https:\/\/etab.ac-reunion.fr\/lyc-sarda-garriga\/wp-json\/wp\/v2\/types\/page"}],"author":[{"embeddable":true,"href":"https:\/\/etab.ac-reunion.fr\/lyc-sarda-garriga\/wp-json\/wp\/v2\/users\/2934"}],"replies":[{"embeddable":true,"href":"https:\/\/etab.ac-reunion.fr\/lyc-sarda-garriga\/wp-json\/wp\/v2\/comments?post=7756"}],"version-history":[{"count":4,"href":"https:\/\/etab.ac-reunion.fr\/lyc-sarda-garriga\/wp-json\/wp\/v2\/pages\/7756\/revisions"}],"predecessor-version":[{"id":9556,"href":"https:\/\/etab.ac-reunion.fr\/lyc-sarda-garriga\/wp-json\/wp\/v2\/pages\/7756\/revisions\/9556"}],"wp:attachment":[{"href":"https:\/\/etab.ac-reunion.fr\/lyc-sarda-garriga\/wp-json\/wp\/v2\/media?parent=7756"}],"curies":[{"name":"wp","href":"https:\/\/api.w.org\/{rel}","templated":true}]}}