{"id":8434,"date":"2024-12-12T20:14:05","date_gmt":"2024-12-12T16:14:05","guid":{"rendered":"https:\/\/etab.ac-reunion.fr\/lyc-sarda-garriga\/?page_id=8434"},"modified":"2024-12-12T20:21:17","modified_gmt":"2024-12-12T16:21:17","slug":"sida-2024","status":"publish","type":"page","link":"https:\/\/etab.ac-reunion.fr\/lyc-sarda-garriga\/sida-2024\/","title":{"rendered":"Sida 2024"},"content":{"rendered":"\n<blockquote class=\"wp-block-quote is-layout-flow wp-block-quote-is-layout-flow\">\n<p>Le lyc\u00e9e Sarda Garriga, en collaboration avec les membres du CVL, a r\u00e9cemment men\u00e9 une collecte en faveur de l&rsquo;association \u00ab RIVE \u00bb, engag\u00e9e dans la lutte contre le SIDA. Gr\u00e2ce \u00e0 la mobilisation des \u00e9l\u00e8ves, enseignants et parents, nous avons r\u00e9colt\u00e9 des fonds, \u00e0 hauteur de 400 \u20ac, pour soutenir la pr\u00e9vention, la sensibilisation et l\u2019aide aux personnes vivant avec le VIH.<\/p>\n\n\n\n<p>Un grand merci \u00e0 tous pour votre g\u00e9n\u00e9rosit\u00e9 !<\/p>\n<\/blockquote>\n\n\n\n<figure class=\"wp-block-image size-large\"><a href=\"https:\/\/etab.ac-reunion.fr\/lyc-sarda-garriga\/wp-content\/uploads\/sites\/98\/2024\/12\/IMG_3205-scaled.jpg\" target=\"_blank\" rel=\"noreferrer noopener\"><img loading=\"lazy\" decoding=\"async\" width=\"1024\" height=\"768\" src=\"https:\/\/etab.ac-reunion.fr\/lyc-sarda-garriga\/wp-content\/uploads\/sites\/98\/2024\/12\/IMG_3205-1024x768.jpg\" alt=\"\" class=\"wp-image-8436\" srcset=\"https:\/\/etab.ac-reunion.fr\/lyc-sarda-garriga\/wp-content\/uploads\/sites\/98\/2024\/12\/IMG_3205-1024x768.jpg 1024w, https:\/\/etab.ac-reunion.fr\/lyc-sarda-garriga\/wp-content\/uploads\/sites\/98\/2024\/12\/IMG_3205-300x225.jpg 300w, https:\/\/etab.ac-reunion.fr\/lyc-sarda-garriga\/wp-content\/uploads\/sites\/98\/2024\/12\/IMG_3205-768x576.jpg 768w, https:\/\/etab.ac-reunion.fr\/lyc-sarda-garriga\/wp-content\/uploads\/sites\/98\/2024\/12\/IMG_3205-1536x1152.jpg 1536w, https:\/\/etab.ac-reunion.fr\/lyc-sarda-garriga\/wp-content\/uploads\/sites\/98\/2024\/12\/IMG_3205-2048x1536.jpg 2048w\" sizes=\"auto, (max-width: 1024px) 100vw, 1024px\" \/><\/a><\/figure>\n","protected":false},"excerpt":{"rendered":"<p>Le lyc\u00e9e Sarda Garriga, en collaboration avec les membres du CVL, a r\u00e9cemment men\u00e9 une collecte en faveur de l&rsquo;association \u00ab RIVE \u00bb, engag\u00e9e dans la lutte contre le SIDA. Gr\u00e2ce \u00e0 la mobilisation des \u00e9l\u00e8ves, enseignants et parents, nous avons r\u00e9colt\u00e9 des fonds, \u00e0 hauteur de 400 \u20ac, pour soutenir la pr\u00e9vention, la sensibilisation [&hellip;]<\/p>\n","protected":false},"author":2934,"featured_media":8436,"parent":0,"menu_order":0,"comment_status":"closed","ping_status":"closed","template":"","meta":{"footnotes":"","_links_to":"","_links_to_target":""},"class_list":["post-8434","page","type-page","status-publish","has-post-thumbnail","hentry"],"_links":{"self":[{"href":"https:\/\/etab.ac-reunion.fr\/lyc-sarda-garriga\/wp-json\/wp\/v2\/pages\/8434","targetHints":{"allow":["GET"]}}],"collection":[{"href":"https:\/\/etab.ac-reunion.fr\/lyc-sarda-garriga\/wp-json\/wp\/v2\/pages"}],"about":[{"href":"https:\/\/etab.ac-reunion.fr\/lyc-sarda-garriga\/wp-json\/wp\/v2\/types\/page"}],"author":[{"embeddable":true,"href":"https:\/\/etab.ac-reunion.fr\/lyc-sarda-garriga\/wp-json\/wp\/v2\/users\/2934"}],"replies":[{"embeddable":true,"href":"https:\/\/etab.ac-reunion.fr\/lyc-sarda-garriga\/wp-json\/wp\/v2\/comments?post=8434"}],"version-history":[{"count":2,"href":"https:\/\/etab.ac-reunion.fr\/lyc-sarda-garriga\/wp-json\/wp\/v2\/pages\/8434\/revisions"}],"predecessor-version":[{"id":8437,"href":"https:\/\/etab.ac-reunion.fr\/lyc-sarda-garriga\/wp-json\/wp\/v2\/pages\/8434\/revisions\/8437"}],"wp:featuredmedia":[{"embeddable":true,"href":"https:\/\/etab.ac-reunion.fr\/lyc-sarda-garriga\/wp-json\/wp\/v2\/media\/8436"}],"wp:attachment":[{"href":"https:\/\/etab.ac-reunion.fr\/lyc-sarda-garriga\/wp-json\/wp\/v2\/media?parent=8434"}],"curies":[{"name":"wp","href":"https:\/\/api.w.org\/{rel}","templated":true}]}}