{"id":8653,"date":"2025-02-26T17:37:15","date_gmt":"2025-02-26T13:37:15","guid":{"rendered":"https:\/\/etab.ac-reunion.fr\/lyc-sarda-garriga\/?page_id=8653"},"modified":"2025-02-26T17:52:16","modified_gmt":"2025-02-26T13:52:16","slug":"sejour-delegation-espagnole-a-sarda-garriga-du-24-au-26-fevrier-2025","status":"publish","type":"page","link":"https:\/\/etab.ac-reunion.fr\/lyc-sarda-garriga\/sejour-delegation-espagnole-a-sarda-garriga-du-24-au-26-fevrier-2025\/","title":{"rendered":"S\u00e9jour d\u00e9l\u00e9gation espagnole \u00e0 Sarda Garriga du 24 au 26 f\u00e9vrier 2025"},"content":{"rendered":"\n<blockquote class=\"wp-block-quote is-layout-flow wp-block-quote-is-layout-flow\">\n<p><\/p>\n\n\n\n<p>Encore une belle ouverture \u00e0 l&rsquo;international, depuis lundi nous accueillons une petite d\u00e9l\u00e9gation&nbsp; espagnole provenant de Grenade venant d&rsquo;une \u00e9cole de langues de Loja qui se situe pr\u00e8s de Grenade en Andalousie.&nbsp;<\/p>\n\n\n\n<p>Elle est compos\u00e9e de deux professeurs, Juan Antonio (Fonta) et Jos\u00e9 Antonio (Toni), et quatre \u00e9tudiantes : Loli, In\u00e9s, Ana Bel\u00e9n et Sara.&nbsp;<\/p>\n\n\n\n<p>Les \u00e9changes p\u00e9dagogiques et partages linguistiques sont d\u00e9j\u00e0 tr\u00e8s riches&#8230;.<\/p>\n\n\n\n<p>Un grand merci \u00e0 Madame MONDISSA d&rsquo;avoir rendu possible ce beau projet<\/p>\n\n\n\n<p>Merci \u00e0 notre Erai Mr SAID et \u00e0 tous les coll\u00e8gues qui ont accept\u00e9 d&rsquo;accueillir nos coll\u00e8gues espagnols dans leurs classes<\/p>\n\n\n\n<p class=\"has-text-align-right\">Mmes RICHELME et RENAULT&nbsp;<\/p>\n<\/blockquote>\n\n\n\n<p><\/p>\n\n\n\n<figure class=\"wp-block-gallery has-nested-images columns-default is-cropped wp-block-gallery-1 is-layout-flex wp-block-gallery-is-layout-flex\">\n<figure class=\"wp-block-image size-large\"><a href=\"https:\/\/etab.ac-reunion.fr\/lyc-sarda-garriga\/wp-content\/uploads\/sites\/98\/2025\/02\/20250224_084012-scaled.jpg\" target=\"_blank\" rel=\" noreferrer noopener\"><img loading=\"lazy\" decoding=\"async\" width=\"1024\" height=\"473\" data-id=\"8655\" src=\"https:\/\/etab.ac-reunion.fr\/lyc-sarda-garriga\/wp-content\/uploads\/sites\/98\/2025\/02\/20250224_084012-1024x473.jpg\" alt=\"\" class=\"wp-image-8655\" srcset=\"https:\/\/etab.ac-reunion.fr\/lyc-sarda-garriga\/wp-content\/uploads\/sites\/98\/2025\/02\/20250224_084012-1024x473.jpg 1024w, https:\/\/etab.ac-reunion.fr\/lyc-sarda-garriga\/wp-content\/uploads\/sites\/98\/2025\/02\/20250224_084012-300x139.jpg 300w, https:\/\/etab.ac-reunion.fr\/lyc-sarda-garriga\/wp-content\/uploads\/sites\/98\/2025\/02\/20250224_084012-768x355.jpg 768w, https:\/\/etab.ac-reunion.fr\/lyc-sarda-garriga\/wp-content\/uploads\/sites\/98\/2025\/02\/20250224_084012-1536x710.jpg 1536w, https:\/\/etab.ac-reunion.fr\/lyc-sarda-garriga\/wp-content\/uploads\/sites\/98\/2025\/02\/20250224_084012-2048x946.jpg 2048w\" sizes=\"auto, (max-width: 1024px) 100vw, 1024px\" \/><\/a><\/figure>\n\n\n\n<figure class=\"wp-block-image size-large\"><a href=\"https:\/\/etab.ac-reunion.fr\/lyc-sarda-garriga\/wp-content\/uploads\/sites\/98\/2025\/02\/20250224_091135-scaled.jpg\" target=\"_blank\" rel=\" noreferrer noopener\"><img loading=\"lazy\" decoding=\"async\" width=\"1024\" height=\"475\" data-id=\"8656\" src=\"https:\/\/etab.ac-reunion.fr\/lyc-sarda-garriga\/wp-content\/uploads\/sites\/98\/2025\/02\/20250224_091135-1024x475.jpg\" alt=\"\" class=\"wp-image-8656\" srcset=\"https:\/\/etab.ac-reunion.fr\/lyc-sarda-garriga\/wp-content\/uploads\/sites\/98\/2025\/02\/20250224_091135-1024x475.jpg 1024w, https:\/\/etab.ac-reunion.fr\/lyc-sarda-garriga\/wp-content\/uploads\/sites\/98\/2025\/02\/20250224_091135-300x139.jpg 300w, https:\/\/etab.ac-reunion.fr\/lyc-sarda-garriga\/wp-content\/uploads\/sites\/98\/2025\/02\/20250224_091135-768x356.jpg 768w, https:\/\/etab.ac-reunion.fr\/lyc-sarda-garriga\/wp-content\/uploads\/sites\/98\/2025\/02\/20250224_091135-1536x712.jpg 1536w, https:\/\/etab.ac-reunion.fr\/lyc-sarda-garriga\/wp-content\/uploads\/sites\/98\/2025\/02\/20250224_091135-2048x950.jpg 2048w\" sizes=\"auto, (max-width: 1024px) 100vw, 1024px\" \/><\/a><\/figure>\n\n\n\n<figure class=\"wp-block-image size-large\"><a href=\"https:\/\/etab.ac-reunion.fr\/lyc-sarda-garriga\/wp-content\/uploads\/sites\/98\/2025\/02\/IMG-20250225-WA00001.jpg\" target=\"_blank\" rel=\" noreferrer noopener\"><img loading=\"lazy\" decoding=\"async\" width=\"1024\" height=\"768\" data-id=\"8654\" src=\"https:\/\/etab.ac-reunion.fr\/lyc-sarda-garriga\/wp-content\/uploads\/sites\/98\/2025\/02\/IMG-20250225-WA00001-1024x768.jpg\" alt=\"\" class=\"wp-image-8654\" srcset=\"https:\/\/etab.ac-reunion.fr\/lyc-sarda-garriga\/wp-content\/uploads\/sites\/98\/2025\/02\/IMG-20250225-WA00001-1024x768.jpg 1024w, https:\/\/etab.ac-reunion.fr\/lyc-sarda-garriga\/wp-content\/uploads\/sites\/98\/2025\/02\/IMG-20250225-WA00001-300x225.jpg 300w, https:\/\/etab.ac-reunion.fr\/lyc-sarda-garriga\/wp-content\/uploads\/sites\/98\/2025\/02\/IMG-20250225-WA00001-768x576.jpg 768w, https:\/\/etab.ac-reunion.fr\/lyc-sarda-garriga\/wp-content\/uploads\/sites\/98\/2025\/02\/IMG-20250225-WA00001.jpg 1224w\" sizes=\"auto, (max-width: 1024px) 100vw, 1024px\" \/><\/a><\/figure>\n<\/figure>\n","protected":false},"excerpt":{"rendered":"<p>Encore une belle ouverture \u00e0 l&rsquo;international, depuis lundi nous accueillons une petite d\u00e9l\u00e9gation&nbsp; espagnole provenant de Grenade venant d&rsquo;une \u00e9cole de langues de Loja qui se situe pr\u00e8s de Grenade en Andalousie.&nbsp; Elle est compos\u00e9e de deux professeurs, Juan Antonio (Fonta) et Jos\u00e9 Antonio (Toni), et quatre \u00e9tudiantes : Loli, In\u00e9s, Ana Bel\u00e9n et Sara.&nbsp; [&hellip;]<\/p>\n","protected":false},"author":2934,"featured_media":8655,"parent":0,"menu_order":0,"comment_status":"closed","ping_status":"closed","template":"","meta":{"footnotes":"","_links_to":"","_links_to_target":""},"class_list":["post-8653","page","type-page","status-publish","has-post-thumbnail","hentry"],"_links":{"self":[{"href":"https:\/\/etab.ac-reunion.fr\/lyc-sarda-garriga\/wp-json\/wp\/v2\/pages\/8653","targetHints":{"allow":["GET"]}}],"collection":[{"href":"https:\/\/etab.ac-reunion.fr\/lyc-sarda-garriga\/wp-json\/wp\/v2\/pages"}],"about":[{"href":"https:\/\/etab.ac-reunion.fr\/lyc-sarda-garriga\/wp-json\/wp\/v2\/types\/page"}],"author":[{"embeddable":true,"href":"https:\/\/etab.ac-reunion.fr\/lyc-sarda-garriga\/wp-json\/wp\/v2\/users\/2934"}],"replies":[{"embeddable":true,"href":"https:\/\/etab.ac-reunion.fr\/lyc-sarda-garriga\/wp-json\/wp\/v2\/comments?post=8653"}],"version-history":[{"count":4,"href":"https:\/\/etab.ac-reunion.fr\/lyc-sarda-garriga\/wp-json\/wp\/v2\/pages\/8653\/revisions"}],"predecessor-version":[{"id":8663,"href":"https:\/\/etab.ac-reunion.fr\/lyc-sarda-garriga\/wp-json\/wp\/v2\/pages\/8653\/revisions\/8663"}],"wp:featuredmedia":[{"embeddable":true,"href":"https:\/\/etab.ac-reunion.fr\/lyc-sarda-garriga\/wp-json\/wp\/v2\/media\/8655"}],"wp:attachment":[{"href":"https:\/\/etab.ac-reunion.fr\/lyc-sarda-garriga\/wp-json\/wp\/v2\/media?parent=8653"}],"curies":[{"name":"wp","href":"https:\/\/api.w.org\/{rel}","templated":true}]}}