{"id":9877,"date":"2026-03-15T17:55:32","date_gmt":"2026-03-15T13:55:32","guid":{"rendered":"https:\/\/etab.ac-reunion.fr\/lyc-sarda-garriga\/?page_id=9877"},"modified":"2026-03-15T18:32:35","modified_gmt":"2026-03-15T14:32:35","slug":"concours-laicite-2025-du-lycee","status":"publish","type":"page","link":"https:\/\/etab.ac-reunion.fr\/lyc-sarda-garriga\/concours-laicite-2025-du-lycee\/","title":{"rendered":"Concours la\u00efcit\u00e9 2025 du lyc\u00e9e"},"content":{"rendered":"\n<p>Vendredi 27 f\u00e9vrier 2026, s&rsquo;est tenue au CDI la remise des prix du concours la\u00efcit\u00e9 2025 du lyc\u00e9e.<\/p>\n\n\n\n<p>Le th\u00e8me: \u00ab\u00a0la\u00efcit\u00e9&#8230; toute une histoire\u00a0\u00bb invitait les participants \u00e0 se plonger dans l&rsquo;histoire de France pour comprendre comment s&rsquo;est construit ce principe de la\u00efcit\u00e9 qui permet de faire vivre nos valeurs r\u00e9publicaines.<\/p>\n\n\n\n<p>Bravo aux trois laur\u00e9ats   Houzaimati M en TGF-RHC,     L\u00e9ana S  en 1G2     et   Djamal\u00a0S  en  1STMG1<\/p>\n\n\n\n<figure class=\"wp-block-image size-full is-resized\"><a href=\"https:\/\/etab.ac-reunion.fr\/lyc-sarda-garriga\/wp-content\/uploads\/sites\/98\/2026\/03\/IMG_20260227_093343.jpg\" target=\"_blank\" rel=\" noreferrer noopener\"><img loading=\"lazy\" decoding=\"async\" width=\"640\" height=\"480\" src=\"https:\/\/etab.ac-reunion.fr\/lyc-sarda-garriga\/wp-content\/uploads\/sites\/98\/2026\/03\/IMG_20260227_093343.jpg\" alt=\"\" class=\"wp-image-9878\" style=\"width:808px;height:auto\" srcset=\"https:\/\/etab.ac-reunion.fr\/lyc-sarda-garriga\/wp-content\/uploads\/sites\/98\/2026\/03\/IMG_20260227_093343.jpg 640w, https:\/\/etab.ac-reunion.fr\/lyc-sarda-garriga\/wp-content\/uploads\/sites\/98\/2026\/03\/IMG_20260227_093343-300x225.jpg 300w\" sizes=\"auto, (max-width: 640px) 100vw, 640px\" \/><\/a><\/figure>\n","protected":false},"excerpt":{"rendered":"<p>Vendredi 27 f\u00e9vrier 2026, s&rsquo;est tenue au CDI la remise des prix du concours la\u00efcit\u00e9 2025 du lyc\u00e9e. Le th\u00e8me: \u00ab\u00a0la\u00efcit\u00e9&#8230; toute une histoire\u00a0\u00bb invitait les participants \u00e0 se plonger dans l&rsquo;histoire de France pour comprendre comment s&rsquo;est construit ce principe de la\u00efcit\u00e9 qui permet de faire vivre nos valeurs r\u00e9publicaines. Bravo aux trois laur\u00e9ats [&hellip;]<\/p>\n","protected":false},"author":2934,"featured_media":9882,"parent":0,"menu_order":0,"comment_status":"closed","ping_status":"closed","template":"","meta":{"footnotes":"","_links_to":"","_links_to_target":""},"class_list":["post-9877","page","type-page","status-publish","has-post-thumbnail","hentry"],"_links":{"self":[{"href":"https:\/\/etab.ac-reunion.fr\/lyc-sarda-garriga\/wp-json\/wp\/v2\/pages\/9877","targetHints":{"allow":["GET"]}}],"collection":[{"href":"https:\/\/etab.ac-reunion.fr\/lyc-sarda-garriga\/wp-json\/wp\/v2\/pages"}],"about":[{"href":"https:\/\/etab.ac-reunion.fr\/lyc-sarda-garriga\/wp-json\/wp\/v2\/types\/page"}],"author":[{"embeddable":true,"href":"https:\/\/etab.ac-reunion.fr\/lyc-sarda-garriga\/wp-json\/wp\/v2\/users\/2934"}],"replies":[{"embeddable":true,"href":"https:\/\/etab.ac-reunion.fr\/lyc-sarda-garriga\/wp-json\/wp\/v2\/comments?post=9877"}],"version-history":[{"count":2,"href":"https:\/\/etab.ac-reunion.fr\/lyc-sarda-garriga\/wp-json\/wp\/v2\/pages\/9877\/revisions"}],"predecessor-version":[{"id":9884,"href":"https:\/\/etab.ac-reunion.fr\/lyc-sarda-garriga\/wp-json\/wp\/v2\/pages\/9877\/revisions\/9884"}],"wp:featuredmedia":[{"embeddable":true,"href":"https:\/\/etab.ac-reunion.fr\/lyc-sarda-garriga\/wp-json\/wp\/v2\/media\/9882"}],"wp:attachment":[{"href":"https:\/\/etab.ac-reunion.fr\/lyc-sarda-garriga\/wp-json\/wp\/v2\/media?parent=9877"}],"curies":[{"name":"wp","href":"https:\/\/api.w.org\/{rel}","templated":true}]}}