{"id":296,"date":"2014-09-18T04:39:58","date_gmt":"2014-09-18T00:39:58","guid":{"rendered":"http:\/\/lycee-victor-schoelcher-tmp.ac-reunion.fr\/?page_id=296"},"modified":"2015-05-17T14:26:31","modified_gmt":"2015-05-17T10:26:31","slug":"modernisation-du-lycee","status":"publish","type":"page","link":"https:\/\/etab.ac-reunion.fr\/lyc-victor-schoelcher\/modernisation-du-lycee\/","title":{"rendered":"Modernisation du lyc\u00e9e"},"content":{"rendered":"<h4 style=\"text-align: left\"><strong>Point sur les travaux<\/strong><\/h4>\n<h6 style=\"text-align: left\"><span style=\"color: #808080\">Isabelle BOYER &#8211; Wilfrid DIJOUX<\/span><\/h6>\n<h4 style=\"text-align: left\"><a href=\"https:\/\/etab.ac-reunion.fr\/lyc-victor-schoelcher\/wp-content\/uploads\/sites\/93\/2014\/09\/ml0.jpg\"> <img loading=\"lazy\" decoding=\"async\" class=\"wp-image-507 aligncenter\" src=\"https:\/\/etab.ac-reunion.fr\/lyc-victor-schoelcher\/wp-content\/uploads\/sites\/93\/2014\/09\/ml0-756x1024.jpg\" alt=\"ml0\" width=\"600\" height=\"812\" srcset=\"https:\/\/etab.ac-reunion.fr\/lyc-victor-schoelcher\/wp-content\/uploads\/sites\/93\/2014\/09\/ml0-756x1024.jpg 756w, https:\/\/etab.ac-reunion.fr\/lyc-victor-schoelcher\/wp-content\/uploads\/sites\/93\/2014\/09\/ml0-221x300.jpg 221w\" sizes=\"auto, (max-width: 600px) 100vw, 600px\" \/><\/a><strong>Mais que se passe t-il en ce moment\u00a0?<\/strong><\/h4>\n<p style=\"text-align: justify\">Depuis le mois de novembre dernier, les bruits de marteaux piqueurs, de perceuses et de grues sont le quotidien des \u00e9l\u00e8ves et du personnel de l&rsquo;\u00e9tablissement. 26 agents \u0153uvrent chaque jour pour assurer la livraison de l&rsquo;\u00e9tablissement dans les d\u00e9lais requis. D&rsquo;apr\u00e8s Monsieur Oliva, Conducteur de travaux, les normes de s\u00e9curit\u00e9 sont appliqu\u00e9es et respect\u00e9es et les travaux se d\u00e9roulent bien. En t\u00e9moignent les b\u00e2timents qui prennent de plus en plus forme lorsque, des fen\u00eatres des salles de travail, nous observons le chantier. Mais quels sont ces b\u00e2timents\u00a0?<\/p>\n<p><a href=\"https:\/\/etab.ac-reunion.fr\/lyc-victor-schoelcher\/wp-content\/uploads\/sites\/93\/2014\/09\/ml01.gif\"><img loading=\"lazy\" decoding=\"async\" class=\"wp-image-508 size-full aligncenter\" src=\"https:\/\/etab.ac-reunion.fr\/lyc-victor-schoelcher\/wp-content\/uploads\/sites\/93\/2014\/09\/ml01.gif\" alt=\"ml01\" width=\"600\" height=\"303\" \/><\/a><\/p>\n<p><a href=\"https:\/\/etab.ac-reunion.fr\/lyc-victor-schoelcher\/wp-content\/uploads\/sites\/93\/2015\/05\/entrelycee2.jpg\"><img loading=\"lazy\" decoding=\"async\" class=\"aligncenter wp-image-1697\" src=\"https:\/\/etab.ac-reunion.fr\/lyc-victor-schoelcher\/wp-content\/uploads\/sites\/93\/2015\/05\/entrelycee2.jpg\" alt=\"\" width=\"600\" height=\"402\" srcset=\"https:\/\/etab.ac-reunion.fr\/lyc-victor-schoelcher\/wp-content\/uploads\/sites\/93\/2015\/05\/entrelycee2.jpg 1000w, https:\/\/etab.ac-reunion.fr\/lyc-victor-schoelcher\/wp-content\/uploads\/sites\/93\/2015\/05\/entrelycee2-300x201.jpg 300w, https:\/\/etab.ac-reunion.fr\/lyc-victor-schoelcher\/wp-content\/uploads\/sites\/93\/2015\/05\/entrelycee2-140x94.jpg 140w\" sizes=\"auto, (max-width: 600px) 100vw, 600px\" \/><\/a><\/p>\n<p><a href=\"https:\/\/etab.ac-reunion.fr\/lyc-victor-schoelcher\/wp-content\/uploads\/sites\/93\/2014\/09\/ml1.jpg\"><img loading=\"lazy\" decoding=\"async\" class=\"wp-image-509 aligncenter\" src=\"https:\/\/etab.ac-reunion.fr\/lyc-victor-schoelcher\/wp-content\/uploads\/sites\/93\/2014\/09\/ml1-1024x576.jpg\" alt=\"ml1\" width=\"600\" height=\"338\" srcset=\"https:\/\/etab.ac-reunion.fr\/lyc-victor-schoelcher\/wp-content\/uploads\/sites\/93\/2014\/09\/ml1-1024x576.jpg 1024w, https:\/\/etab.ac-reunion.fr\/lyc-victor-schoelcher\/wp-content\/uploads\/sites\/93\/2014\/09\/ml1-300x168.jpg 300w, https:\/\/etab.ac-reunion.fr\/lyc-victor-schoelcher\/wp-content\/uploads\/sites\/93\/2014\/09\/ml1.jpg 1280w\" sizes=\"auto, (max-width: 600px) 100vw, 600px\" \/><\/a><\/p>\n<p><a href=\"https:\/\/etab.ac-reunion.fr\/lyc-victor-schoelcher\/wp-content\/uploads\/sites\/93\/2015\/05\/1m.jpg\"><img loading=\"lazy\" decoding=\"async\" class=\"aligncenter wp-image-1640\" src=\"https:\/\/etab.ac-reunion.fr\/lyc-victor-schoelcher\/wp-content\/uploads\/sites\/93\/2015\/05\/1m.jpg\" alt=\"\" width=\"600\" height=\"995\" srcset=\"https:\/\/etab.ac-reunion.fr\/lyc-victor-schoelcher\/wp-content\/uploads\/sites\/93\/2015\/05\/1m.jpg 1643w, https:\/\/etab.ac-reunion.fr\/lyc-victor-schoelcher\/wp-content\/uploads\/sites\/93\/2015\/05\/1m-181x300.jpg 181w, https:\/\/etab.ac-reunion.fr\/lyc-victor-schoelcher\/wp-content\/uploads\/sites\/93\/2015\/05\/1m-617x1024.jpg 617w\" sizes=\"auto, (max-width: 600px) 100vw, 600px\" \/><\/a><\/p>\n<p><a href=\"https:\/\/etab.ac-reunion.fr\/lyc-victor-schoelcher\/wp-content\/uploads\/sites\/93\/2015\/05\/2m.jpg\"><img loading=\"lazy\" decoding=\"async\" class=\"aligncenter wp-image-1641\" src=\"https:\/\/etab.ac-reunion.fr\/lyc-victor-schoelcher\/wp-content\/uploads\/sites\/93\/2015\/05\/2m.jpg\" alt=\"\" width=\"600\" height=\"880\" srcset=\"https:\/\/etab.ac-reunion.fr\/lyc-victor-schoelcher\/wp-content\/uploads\/sites\/93\/2015\/05\/2m.jpg 1630w, https:\/\/etab.ac-reunion.fr\/lyc-victor-schoelcher\/wp-content\/uploads\/sites\/93\/2015\/05\/2m-205x300.jpg 205w, https:\/\/etab.ac-reunion.fr\/lyc-victor-schoelcher\/wp-content\/uploads\/sites\/93\/2015\/05\/2m-698x1024.jpg 698w\" sizes=\"auto, (max-width: 600px) 100vw, 600px\" \/><\/a><\/p>\n<p><a href=\"https:\/\/etab.ac-reunion.fr\/lyc-victor-schoelcher\/wp-content\/uploads\/sites\/93\/2015\/05\/3m.jpg\"><img loading=\"lazy\" decoding=\"async\" class=\"aligncenter wp-image-1642\" src=\"https:\/\/etab.ac-reunion.fr\/lyc-victor-schoelcher\/wp-content\/uploads\/sites\/93\/2015\/05\/3m.jpg\" alt=\"\" width=\"600\" height=\"907\" srcset=\"https:\/\/etab.ac-reunion.fr\/lyc-victor-schoelcher\/wp-content\/uploads\/sites\/93\/2015\/05\/3m.jpg 1604w, https:\/\/etab.ac-reunion.fr\/lyc-victor-schoelcher\/wp-content\/uploads\/sites\/93\/2015\/05\/3m-198x300.jpg 198w, https:\/\/etab.ac-reunion.fr\/lyc-victor-schoelcher\/wp-content\/uploads\/sites\/93\/2015\/05\/3m-677x1024.jpg 677w\" sizes=\"auto, (max-width: 600px) 100vw, 600px\" \/><\/a><\/p>\n<p><a href=\"https:\/\/etab.ac-reunion.fr\/lyc-victor-schoelcher\/wp-content\/uploads\/sites\/93\/2015\/05\/4m.jpg\"><img loading=\"lazy\" decoding=\"async\" class=\"aligncenter wp-image-1643\" src=\"https:\/\/etab.ac-reunion.fr\/lyc-victor-schoelcher\/wp-content\/uploads\/sites\/93\/2015\/05\/4m.jpg\" alt=\"\" width=\"600\" height=\"901\" srcset=\"https:\/\/etab.ac-reunion.fr\/lyc-victor-schoelcher\/wp-content\/uploads\/sites\/93\/2015\/05\/4m.jpg 1681w, https:\/\/etab.ac-reunion.fr\/lyc-victor-schoelcher\/wp-content\/uploads\/sites\/93\/2015\/05\/4m-200x300.jpg 200w, https:\/\/etab.ac-reunion.fr\/lyc-victor-schoelcher\/wp-content\/uploads\/sites\/93\/2015\/05\/4m-682x1024.jpg 682w\" sizes=\"auto, (max-width: 600px) 100vw, 600px\" \/><\/a><\/p>\n<p><a href=\"https:\/\/etab.ac-reunion.fr\/lyc-victor-schoelcher\/wp-content\/uploads\/sites\/93\/2015\/05\/5m.jpg\"><img loading=\"lazy\" decoding=\"async\" class=\"aligncenter wp-image-1644\" src=\"https:\/\/etab.ac-reunion.fr\/lyc-victor-schoelcher\/wp-content\/uploads\/sites\/93\/2015\/05\/5m.jpg\" alt=\"\" width=\"600\" height=\"904\" srcset=\"https:\/\/etab.ac-reunion.fr\/lyc-victor-schoelcher\/wp-content\/uploads\/sites\/93\/2015\/05\/5m.jpg 1676w, https:\/\/etab.ac-reunion.fr\/lyc-victor-schoelcher\/wp-content\/uploads\/sites\/93\/2015\/05\/5m-199x300.jpg 199w, https:\/\/etab.ac-reunion.fr\/lyc-victor-schoelcher\/wp-content\/uploads\/sites\/93\/2015\/05\/5m-680x1024.jpg 680w\" sizes=\"auto, (max-width: 600px) 100vw, 600px\" \/><\/a><\/p>\n<p><a href=\"https:\/\/etab.ac-reunion.fr\/lyc-victor-schoelcher\/wp-content\/uploads\/sites\/93\/2014\/09\/ml7.jpg\"><img loading=\"lazy\" decoding=\"async\" class=\"wp-image-510 aligncenter\" src=\"https:\/\/etab.ac-reunion.fr\/lyc-victor-schoelcher\/wp-content\/uploads\/sites\/93\/2014\/09\/ml7-1024x576.jpg\" alt=\"ml7\" width=\"600\" height=\"338\" srcset=\"https:\/\/etab.ac-reunion.fr\/lyc-victor-schoelcher\/wp-content\/uploads\/sites\/93\/2014\/09\/ml7-1024x576.jpg 1024w, https:\/\/etab.ac-reunion.fr\/lyc-victor-schoelcher\/wp-content\/uploads\/sites\/93\/2014\/09\/ml7-300x168.jpg 300w, https:\/\/etab.ac-reunion.fr\/lyc-victor-schoelcher\/wp-content\/uploads\/sites\/93\/2014\/09\/ml7.jpg 1280w\" sizes=\"auto, (max-width: 600px) 100vw, 600px\" \/><\/a><\/p>\n<p><a href=\"https:\/\/etab.ac-reunion.fr\/lyc-victor-schoelcher\/wp-content\/uploads\/sites\/93\/2015\/05\/6m.jpg\"><img loading=\"lazy\" decoding=\"async\" class=\"aligncenter wp-image-1645\" src=\"https:\/\/etab.ac-reunion.fr\/lyc-victor-schoelcher\/wp-content\/uploads\/sites\/93\/2015\/05\/6m.jpg\" alt=\"\" width=\"600\" height=\"907\" srcset=\"https:\/\/etab.ac-reunion.fr\/lyc-victor-schoelcher\/wp-content\/uploads\/sites\/93\/2015\/05\/6m.jpg 1700w, https:\/\/etab.ac-reunion.fr\/lyc-victor-schoelcher\/wp-content\/uploads\/sites\/93\/2015\/05\/6m-198x300.jpg 198w, https:\/\/etab.ac-reunion.fr\/lyc-victor-schoelcher\/wp-content\/uploads\/sites\/93\/2015\/05\/6m-677x1024.jpg 677w\" sizes=\"auto, (max-width: 600px) 100vw, 600px\" \/><\/a><\/p>\n<p><a href=\"https:\/\/etab.ac-reunion.fr\/lyc-victor-schoelcher\/wp-content\/uploads\/sites\/93\/2015\/05\/7m.jpg\"><img loading=\"lazy\" decoding=\"async\" class=\"aligncenter wp-image-1646\" src=\"https:\/\/etab.ac-reunion.fr\/lyc-victor-schoelcher\/wp-content\/uploads\/sites\/93\/2015\/05\/7m.jpg\" alt=\"\" width=\"600\" height=\"772\" srcset=\"https:\/\/etab.ac-reunion.fr\/lyc-victor-schoelcher\/wp-content\/uploads\/sites\/93\/2015\/05\/7m.jpg 1531w, https:\/\/etab.ac-reunion.fr\/lyc-victor-schoelcher\/wp-content\/uploads\/sites\/93\/2015\/05\/7m-233x300.jpg 233w, https:\/\/etab.ac-reunion.fr\/lyc-victor-schoelcher\/wp-content\/uploads\/sites\/93\/2015\/05\/7m-796x1024.jpg 796w\" sizes=\"auto, (max-width: 600px) 100vw, 600px\" \/><\/a><\/p>\n<p><a href=\"https:\/\/etab.ac-reunion.fr\/lyc-victor-schoelcher\/wp-content\/uploads\/sites\/93\/2014\/09\/fleche.jpg\"><img loading=\"lazy\" decoding=\"async\" class=\"wp-image-538 aligncenter\" src=\"https:\/\/etab.ac-reunion.fr\/lyc-victor-schoelcher\/wp-content\/uploads\/sites\/93\/2014\/09\/fleche-1024x576.jpg\" alt=\"fleche\" width=\"600\" height=\"338\" srcset=\"https:\/\/etab.ac-reunion.fr\/lyc-victor-schoelcher\/wp-content\/uploads\/sites\/93\/2014\/09\/fleche-1024x576.jpg 1024w, https:\/\/etab.ac-reunion.fr\/lyc-victor-schoelcher\/wp-content\/uploads\/sites\/93\/2014\/09\/fleche-300x168.jpg 300w, https:\/\/etab.ac-reunion.fr\/lyc-victor-schoelcher\/wp-content\/uploads\/sites\/93\/2014\/09\/fleche.jpg 1280w\" sizes=\"auto, (max-width: 600px) 100vw, 600px\" \/><\/a><\/p>\n<p><a href=\"https:\/\/etab.ac-reunion.fr\/lyc-victor-schoelcher\/wp-content\/uploads\/sites\/93\/2015\/05\/13m.jpg\"><img loading=\"lazy\" decoding=\"async\" class=\"aligncenter wp-image-1651\" src=\"https:\/\/etab.ac-reunion.fr\/lyc-victor-schoelcher\/wp-content\/uploads\/sites\/93\/2015\/05\/13m.jpg\" alt=\"\" width=\"600\" height=\"821\" srcset=\"https:\/\/etab.ac-reunion.fr\/lyc-victor-schoelcher\/wp-content\/uploads\/sites\/93\/2015\/05\/13m.jpg 1550w, https:\/\/etab.ac-reunion.fr\/lyc-victor-schoelcher\/wp-content\/uploads\/sites\/93\/2015\/05\/13m-219x300.jpg 219w, https:\/\/etab.ac-reunion.fr\/lyc-victor-schoelcher\/wp-content\/uploads\/sites\/93\/2015\/05\/13m-749x1024.jpg 749w\" sizes=\"auto, (max-width: 600px) 100vw, 600px\" \/><\/a><\/p>\n<p><a href=\"https:\/\/etab.ac-reunion.fr\/lyc-victor-schoelcher\/wp-content\/uploads\/sites\/93\/2015\/05\/8m.jpg\"><img loading=\"lazy\" decoding=\"async\" class=\"aligncenter wp-image-1647\" src=\"https:\/\/etab.ac-reunion.fr\/lyc-victor-schoelcher\/wp-content\/uploads\/sites\/93\/2015\/05\/8m.jpg\" alt=\"\" width=\"600\" height=\"941\" srcset=\"https:\/\/etab.ac-reunion.fr\/lyc-victor-schoelcher\/wp-content\/uploads\/sites\/93\/2015\/05\/8m.jpg 1605w, https:\/\/etab.ac-reunion.fr\/lyc-victor-schoelcher\/wp-content\/uploads\/sites\/93\/2015\/05\/8m-191x300.jpg 191w, https:\/\/etab.ac-reunion.fr\/lyc-victor-schoelcher\/wp-content\/uploads\/sites\/93\/2015\/05\/8m-653x1024.jpg 653w\" sizes=\"auto, (max-width: 600px) 100vw, 600px\" \/><\/a><\/p>\n<p><a href=\"https:\/\/etab.ac-reunion.fr\/lyc-victor-schoelcher\/wp-content\/uploads\/sites\/93\/2015\/05\/11m.jpg\"><img loading=\"lazy\" decoding=\"async\" class=\"aligncenter wp-image-1650\" src=\"https:\/\/etab.ac-reunion.fr\/lyc-victor-schoelcher\/wp-content\/uploads\/sites\/93\/2015\/05\/11m.jpg\" alt=\"\" width=\"600\" height=\"944\" srcset=\"https:\/\/etab.ac-reunion.fr\/lyc-victor-schoelcher\/wp-content\/uploads\/sites\/93\/2015\/05\/11m.jpg 1691w, https:\/\/etab.ac-reunion.fr\/lyc-victor-schoelcher\/wp-content\/uploads\/sites\/93\/2015\/05\/11m-191x300.jpg 191w, https:\/\/etab.ac-reunion.fr\/lyc-victor-schoelcher\/wp-content\/uploads\/sites\/93\/2015\/05\/11m-651x1024.jpg 651w\" sizes=\"auto, (max-width: 600px) 100vw, 600px\" \/><\/a><\/p>\n<p><a href=\"https:\/\/etab.ac-reunion.fr\/lyc-victor-schoelcher\/wp-content\/uploads\/sites\/93\/2015\/05\/9m.jpg\"><img loading=\"lazy\" decoding=\"async\" class=\"aligncenter wp-image-1648\" src=\"https:\/\/etab.ac-reunion.fr\/lyc-victor-schoelcher\/wp-content\/uploads\/sites\/93\/2015\/05\/9m.jpg\" alt=\"\" width=\"600\" height=\"816\" srcset=\"https:\/\/etab.ac-reunion.fr\/lyc-victor-schoelcher\/wp-content\/uploads\/sites\/93\/2015\/05\/9m.jpg 1630w, https:\/\/etab.ac-reunion.fr\/lyc-victor-schoelcher\/wp-content\/uploads\/sites\/93\/2015\/05\/9m-220x300.jpg 220w, https:\/\/etab.ac-reunion.fr\/lyc-victor-schoelcher\/wp-content\/uploads\/sites\/93\/2015\/05\/9m-753x1024.jpg 753w\" sizes=\"auto, (max-width: 600px) 100vw, 600px\" \/><\/a><\/p>\n<p><a href=\"https:\/\/etab.ac-reunion.fr\/lyc-victor-schoelcher\/wp-content\/uploads\/sites\/93\/2015\/05\/10m.jpg\"><img loading=\"lazy\" decoding=\"async\" class=\"aligncenter wp-image-1649\" src=\"https:\/\/etab.ac-reunion.fr\/lyc-victor-schoelcher\/wp-content\/uploads\/sites\/93\/2015\/05\/10m.jpg\" alt=\"\" width=\"600\" height=\"1020\" srcset=\"https:\/\/etab.ac-reunion.fr\/lyc-victor-schoelcher\/wp-content\/uploads\/sites\/93\/2015\/05\/10m.jpg 1671w, https:\/\/etab.ac-reunion.fr\/lyc-victor-schoelcher\/wp-content\/uploads\/sites\/93\/2015\/05\/10m-177x300.jpg 177w, https:\/\/etab.ac-reunion.fr\/lyc-victor-schoelcher\/wp-content\/uploads\/sites\/93\/2015\/05\/10m-603x1024.jpg 603w\" sizes=\"auto, (max-width: 600px) 100vw, 600px\" \/><\/a><\/p>\n<p>(Vous pouvez consulter le phasage en cliquant sur ce lien: <a href=\"https:\/\/etab.ac-reunion.fr\/lyc-victor-schoelcher\/wp-content\/uploads\/sites\/93\/2014\/09\/phasage.pdf\">phasage<\/a>).<\/p>\n<p>Photos: W.DIJOUX<\/p>\n<p>&nbsp;<\/p>\n","protected":false},"excerpt":{"rendered":"<p>Point sur les travaux Isabelle BOYER &#8211; Wilfrid DIJOUX Mais que se passe t-il en ce moment\u00a0? Depuis le mois de novembre dernier, les bruits de marteaux piqueurs, de perceuses et de grues sont le quotidien des \u00e9l\u00e8ves et du personnel de l&rsquo;\u00e9tablissement. 26 agents \u0153uvrent chaque jour pour assurer&#8230;<\/p>\n<p> <a class=\"continue-reading-link\" href=\"https:\/\/etab.ac-reunion.fr\/lyc-victor-schoelcher\/modernisation-du-lycee\/\"><span>Lire le contenu<\/span><i class=\"crycon-right-dir\"><\/i><\/a> <\/p>\n","protected":false},"author":2226,"featured_media":0,"parent":0,"menu_order":0,"comment_status":"open","ping_status":"open","template":"page-full.php","meta":{"footnotes":""},"class_list":["post-296","page","type-page","status-publish","hentry"],"_links":{"self":[{"href":"https:\/\/etab.ac-reunion.fr\/lyc-victor-schoelcher\/wp-json\/wp\/v2\/pages\/296","targetHints":{"allow":["GET"]}}],"collection":[{"href":"https:\/\/etab.ac-reunion.fr\/lyc-victor-schoelcher\/wp-json\/wp\/v2\/pages"}],"about":[{"href":"https:\/\/etab.ac-reunion.fr\/lyc-victor-schoelcher\/wp-json\/wp\/v2\/types\/page"}],"author":[{"embeddable":true,"href":"https:\/\/etab.ac-reunion.fr\/lyc-victor-schoelcher\/wp-json\/wp\/v2\/users\/2226"}],"replies":[{"embeddable":true,"href":"https:\/\/etab.ac-reunion.fr\/lyc-victor-schoelcher\/wp-json\/wp\/v2\/comments?post=296"}],"version-history":[{"count":20,"href":"https:\/\/etab.ac-reunion.fr\/lyc-victor-schoelcher\/wp-json\/wp\/v2\/pages\/296\/revisions"}],"predecessor-version":[{"id":4158,"href":"https:\/\/etab.ac-reunion.fr\/lyc-victor-schoelcher\/wp-json\/wp\/v2\/pages\/296\/revisions\/4158"}],"wp:attachment":[{"href":"https:\/\/etab.ac-reunion.fr\/lyc-victor-schoelcher\/wp-json\/wp\/v2\/media?parent=296"}],"curies":[{"name":"wp","href":"https:\/\/api.w.org\/{rel}","templated":true}]}}