{"id":3669,"date":"2018-09-25T20:49:20","date_gmt":"2018-09-25T16:49:20","guid":{"rendered":"http:\/\/lycee-victor-schoelcher.ac-reunion.fr\/?page_id=3669"},"modified":"2022-02-18T04:52:31","modified_gmt":"2022-02-18T00:52:31","slug":"projet-erasmus-au-lpvs","status":"publish","type":"page","link":"https:\/\/etab.ac-reunion.fr\/lyc-victor-schoelcher\/projet-erasmus-au-lpvs\/","title":{"rendered":"Projet ERASMUS+ 2018-2019"},"content":{"rendered":"<p>C&rsquo;est avec plaisir que nous vous pr\u00e9sentons les visages, des 37 \u00e9l\u00e8ves de Terminale, qui participent au projet Erasmus + du LPVS.<\/p>\n<p>Le d\u00e9part pour un stage professionnel \u00e0 Malte et en Espagne, est pr\u00e9vu du 30 mars 2019 au 27 avril 2019.<\/p>\n<p><a href=\"https:\/\/etab.ac-reunion.fr\/lyc-victor-schoelcher\/wp-content\/uploads\/sites\/93\/2019\/02\/TROMBINOSCOPE-MALTE.jpg\"><img loading=\"lazy\" decoding=\"async\" class=\"aligncenter wp-image-3733\" src=\"https:\/\/etab.ac-reunion.fr\/lyc-victor-schoelcher\/wp-content\/uploads\/sites\/93\/2019\/02\/TROMBINOSCOPE-MALTE.jpg\" alt=\"\" width=\"600\" height=\"424\" srcset=\"https:\/\/etab.ac-reunion.fr\/lyc-victor-schoelcher\/wp-content\/uploads\/sites\/93\/2019\/02\/TROMBINOSCOPE-MALTE.jpg 4960w, https:\/\/etab.ac-reunion.fr\/lyc-victor-schoelcher\/wp-content\/uploads\/sites\/93\/2019\/02\/TROMBINOSCOPE-MALTE-300x212.jpg 300w, https:\/\/etab.ac-reunion.fr\/lyc-victor-schoelcher\/wp-content\/uploads\/sites\/93\/2019\/02\/TROMBINOSCOPE-MALTE-1024x724.jpg 1024w\" sizes=\"auto, (max-width: 600px) 100vw, 600px\" \/><\/a><\/p>\n<hr>\n<p><a href=\"https:\/\/etab.ac-reunion.fr\/lyc-victor-schoelcher\/wp-content\/uploads\/sites\/93\/2019\/02\/TOMBINOSCOPE-ESPAGNE.jpg\"><img loading=\"lazy\" decoding=\"async\" class=\"aligncenter wp-image-3734\" src=\"https:\/\/etab.ac-reunion.fr\/lyc-victor-schoelcher\/wp-content\/uploads\/sites\/93\/2019\/02\/TOMBINOSCOPE-ESPAGNE.jpg\" alt=\"\" width=\"600\" height=\"424\" srcset=\"https:\/\/etab.ac-reunion.fr\/lyc-victor-schoelcher\/wp-content\/uploads\/sites\/93\/2019\/02\/TOMBINOSCOPE-ESPAGNE.jpg 4960w, https:\/\/etab.ac-reunion.fr\/lyc-victor-schoelcher\/wp-content\/uploads\/sites\/93\/2019\/02\/TOMBINOSCOPE-ESPAGNE-300x212.jpg 300w, https:\/\/etab.ac-reunion.fr\/lyc-victor-schoelcher\/wp-content\/uploads\/sites\/93\/2019\/02\/TOMBINOSCOPE-ESPAGNE-1024x724.jpg 1024w\" sizes=\"auto, (max-width: 600px) 100vw, 600px\" \/><\/a><\/p>\n","protected":false},"excerpt":{"rendered":"<p>C&rsquo;est avec plaisir que nous vous pr\u00e9sentons les visages, des 37 \u00e9l\u00e8ves de Terminale, qui participent au projet Erasmus + du LPVS. Le d\u00e9part pour un stage professionnel \u00e0 Malte et en Espagne, est pr\u00e9vu du 30 mars 2019 au 27 avril 2019.<\/p>\n<p> <a class=\"continue-reading-link\" href=\"https:\/\/etab.ac-reunion.fr\/lyc-victor-schoelcher\/projet-erasmus-au-lpvs\/\"><span>Lire le contenu<\/span><i class=\"crycon-right-dir\"><\/i><\/a> <\/p>\n","protected":false},"author":2226,"featured_media":4576,"parent":0,"menu_order":0,"comment_status":"closed","ping_status":"closed","template":"","meta":{"footnotes":""},"class_list":["post-3669","page","type-page","status-publish","has-post-thumbnail","hentry"],"_links":{"self":[{"href":"https:\/\/etab.ac-reunion.fr\/lyc-victor-schoelcher\/wp-json\/wp\/v2\/pages\/3669","targetHints":{"allow":["GET"]}}],"collection":[{"href":"https:\/\/etab.ac-reunion.fr\/lyc-victor-schoelcher\/wp-json\/wp\/v2\/pages"}],"about":[{"href":"https:\/\/etab.ac-reunion.fr\/lyc-victor-schoelcher\/wp-json\/wp\/v2\/types\/page"}],"author":[{"embeddable":true,"href":"https:\/\/etab.ac-reunion.fr\/lyc-victor-schoelcher\/wp-json\/wp\/v2\/users\/2226"}],"replies":[{"embeddable":true,"href":"https:\/\/etab.ac-reunion.fr\/lyc-victor-schoelcher\/wp-json\/wp\/v2\/comments?post=3669"}],"version-history":[{"count":9,"href":"https:\/\/etab.ac-reunion.fr\/lyc-victor-schoelcher\/wp-json\/wp\/v2\/pages\/3669\/revisions"}],"predecessor-version":[{"id":4848,"href":"https:\/\/etab.ac-reunion.fr\/lyc-victor-schoelcher\/wp-json\/wp\/v2\/pages\/3669\/revisions\/4848"}],"wp:featuredmedia":[{"embeddable":true,"href":"https:\/\/etab.ac-reunion.fr\/lyc-victor-schoelcher\/wp-json\/wp\/v2\/media\/4576"}],"wp:attachment":[{"href":"https:\/\/etab.ac-reunion.fr\/lyc-victor-schoelcher\/wp-json\/wp\/v2\/media?parent=3669"}],"curies":[{"name":"wp","href":"https:\/\/api.w.org\/{rel}","templated":true}]}}

<p>C&rsquo;est avec plaisir que nous vous présentons les visages, des 37 élèves de Terminale, qui participent au projet Erasmus + du LPVS.</p>
<p>Le départ pour un stage professionnel à Malte et en Espagne, est prévu du 30 mars 2019 au 27 avril 2019.</p>
<p><a href="https://etab.ac-reunion.fr/lyc-victor-schoelcher/wp-content/uploads/sites/93/2019/02/TROMBINOSCOPE-MALTE.jpg"><img loading="lazy" decoding="async" class="aligncenter wp-image-3733" src="https://etab.ac-reunion.fr/lyc-victor-schoelcher/wp-content/uploads/sites/93/2019/02/TROMBINOSCOPE-MALTE.jpg" alt="" width="600" height="424" srcset="https://etab.ac-reunion.fr/lyc-victor-schoelcher/wp-content/uploads/sites/93/2019/02/TROMBINOSCOPE-MALTE.jpg 4960w, https://etab.ac-reunion.fr/lyc-victor-schoelcher/wp-content/uploads/sites/93/2019/02/TROMBINOSCOPE-MALTE-300x212.jpg 300w, https://etab.ac-reunion.fr/lyc-victor-schoelcher/wp-content/uploads/sites/93/2019/02/TROMBINOSCOPE-MALTE-1024x724.jpg 1024w" sizes="auto, (max-width: 600px) 100vw, 600px" /></a></p>
<hr>
<p><a href="https://etab.ac-reunion.fr/lyc-victor-schoelcher/wp-content/uploads/sites/93/2019/02/TOMBINOSCOPE-ESPAGNE.jpg"><img loading="lazy" decoding="async" class="aligncenter wp-image-3734" src="https://etab.ac-reunion.fr/lyc-victor-schoelcher/wp-content/uploads/sites/93/2019/02/TOMBINOSCOPE-ESPAGNE.jpg" alt="" width="600" height="424" srcset="https://etab.ac-reunion.fr/lyc-victor-schoelcher/wp-content/uploads/sites/93/2019/02/TOMBINOSCOPE-ESPAGNE.jpg 4960w, https://etab.ac-reunion.fr/lyc-victor-schoelcher/wp-content/uploads/sites/93/2019/02/TOMBINOSCOPE-ESPAGNE-300x212.jpg 300w, https://etab.ac-reunion.fr/lyc-victor-schoelcher/wp-content/uploads/sites/93/2019/02/TOMBINOSCOPE-ESPAGNE-1024x724.jpg 1024w" sizes="auto, (max-width: 600px) 100vw, 600px" /></a></p>

<p>C&rsquo;est avec plaisir que nous vous présentons les visages, des 37 élèves de Terminale, qui participent au projet Erasmus + du LPVS. Le départ pour un stage professionnel à Malte et en Espagne, est prévu du 30 mars 2019 au 27 avril 2019.</p>
<p> <a class="continue-reading-link" href="https://etab.ac-reunion.fr/lyc-victor-schoelcher/projet-erasmus-au-lpvs/"><span>Lire le contenu</span><i class="crycon-right-dir"></i></a> </p>
