{"id":7239,"date":"2026-05-16T21:13:14","date_gmt":"2026-05-16T17:13:14","guid":{"rendered":"https:\/\/etab.ac-reunion.fr\/lyc-victor-schoelcher\/?page_id=7239"},"modified":"2026-05-16T22:15:47","modified_gmt":"2026-05-16T18:15:47","slug":"%f0%9f%8c%bf-plantes-endemiques","status":"publish","type":"page","link":"https:\/\/etab.ac-reunion.fr\/lyc-victor-schoelcher\/%f0%9f%8c%bf-plantes-endemiques\/","title":{"rendered":"\ud83c\udf3f Plantes end\u00e9miques de La R\u00e9union"},"content":{"rendered":"\n<div style=\"height:23px\" aria-hidden=\"true\" class=\"wp-block-spacer\"><\/div>\n\n\n\n<h1 class=\"wp-block-heading\">\ud83c\udf3f Plantes end\u00e9miques de La R\u00e9union<\/h1>\n\n\n\n<div style=\"height:44px\" aria-hidden=\"true\" class=\"wp-block-spacer\"><\/div>\n\n\n\n<p style=\"font-size:24px\">Dans le cadre de l\u2019\u00c9ducation au D\u00e9veloppement Durable (EDD), les \u00e9l\u00e8ves du lyc\u00e9e participent \u00e0 un projet de d\u00e9couverte et de valorisation des plantes end\u00e9miques et indig\u00e8nes de La R\u00e9union.<\/p>\n\n\n\n<p style=\"font-size:24px\">\u00c0 travers des observations de terrain, des recherches et la cr\u00e9ation de fiches documentaires accessibles via QR codes, les \u00e9l\u00e8ves d\u00e9veloppent leurs connaissances sur la biodiversit\u00e9 locale tout en s\u2019engageant dans des actions de sensibilisation et de pr\u00e9servation de l\u2019environnement.<\/p>\n\n\n\n<p style=\"font-size:24px\">Retrouvez sur cette page les diff\u00e9rentes fiches r\u00e9alis\u00e9es dans le cadre de ce parcours p\u00e9dagogique.<\/p>\n\n\n\n<div style=\"height:37px\" aria-hidden=\"true\" class=\"wp-block-spacer\"><\/div>\n\n\n\n<h2 class=\"wp-block-heading\">\ud83c\udf31 Les plantes \u00e9tudi\u00e9es<\/h2>\n\n\n\n<table id=\"tablepress-77\" class=\"tablepress tablepress-id-77\">\n<thead>\n<tr class=\"row-1\">\n\t<th class=\"column-1\">Image<\/th><th class=\"column-2\">Nom<\/th><td class=\"column-3\"><\/td>\n<\/tr>\n<\/thead>\n<tbody class=\"row-striping row-hover\">\n<tr class=\"row-2\">\n\t<td class=\"column-1\"><a href=\"https:\/\/etab.ac-reunion.fr\/lyc-victor-schoelcher\/wp-content\/uploads\/sites\/93\/2026\/05\/Affouche_rouge.png\"><img loading=\"lazy\" decoding=\"async\" src=\"https:\/\/etab.ac-reunion.fr\/lyc-victor-schoelcher\/wp-content\/uploads\/sites\/93\/2026\/05\/Affouche_rouge-281x300.png\" alt=\"\" width=\"220\" height=\"220\" class=\"alignnone size-medium wp-image-7249\" \/><\/a><\/td><td class=\"column-2\"><div style=\"text-align:center;vertical-align:middle;font-size:20px;font-weight:bold\"><br \/>\n\ud83c\udf3f Affouche rouge<br \/>\n<\/div><\/td><td class=\"column-3\">Voir la fiche<\/td>\n<\/tr>\n<tr class=\"row-3\">\n\t<td class=\"column-1\"><\/td><td class=\"column-2\"><\/td><td class=\"column-3\"><\/td>\n<\/tr>\n<\/tbody>\n<\/table>\n<!-- #tablepress-77 from cache -->","protected":false},"excerpt":{"rendered":"<p>\ud83c\udf3f Plantes end\u00e9miques de La R\u00e9union Dans le cadre de l\u2019\u00c9ducation au D\u00e9veloppement Durable (EDD), les \u00e9l\u00e8ves du lyc\u00e9e participent \u00e0 un projet de d\u00e9couverte et de valorisation des plantes end\u00e9miques et indig\u00e8nes de La R\u00e9union. \u00c0 travers des observations de terrain, des recherches et la cr\u00e9ation de fiches documentaires&#8230;<\/p>\n<p> <a class=\"continue-reading-link\" href=\"https:\/\/etab.ac-reunion.fr\/lyc-victor-schoelcher\/%f0%9f%8c%bf-plantes-endemiques\/\"><span>Lire le contenu<\/span><i class=\"crycon-right-dir\"><\/i><\/a> <\/p>\n","protected":false},"author":2226,"featured_media":0,"parent":0,"menu_order":0,"comment_status":"closed","ping_status":"closed","template":"","meta":{"footnotes":""},"class_list":["post-7239","page","type-page","status-publish","hentry"],"_links":{"self":[{"href":"https:\/\/etab.ac-reunion.fr\/lyc-victor-schoelcher\/wp-json\/wp\/v2\/pages\/7239","targetHints":{"allow":["GET"]}}],"collection":[{"href":"https:\/\/etab.ac-reunion.fr\/lyc-victor-schoelcher\/wp-json\/wp\/v2\/pages"}],"about":[{"href":"https:\/\/etab.ac-reunion.fr\/lyc-victor-schoelcher\/wp-json\/wp\/v2\/types\/page"}],"author":[{"embeddable":true,"href":"https:\/\/etab.ac-reunion.fr\/lyc-victor-schoelcher\/wp-json\/wp\/v2\/users\/2226"}],"replies":[{"embeddable":true,"href":"https:\/\/etab.ac-reunion.fr\/lyc-victor-schoelcher\/wp-json\/wp\/v2\/comments?post=7239"}],"version-history":[{"count":7,"href":"https:\/\/etab.ac-reunion.fr\/lyc-victor-schoelcher\/wp-json\/wp\/v2\/pages\/7239\/revisions"}],"predecessor-version":[{"id":7260,"href":"https:\/\/etab.ac-reunion.fr\/lyc-victor-schoelcher\/wp-json\/wp\/v2\/pages\/7239\/revisions\/7260"}],"wp:attachment":[{"href":"https:\/\/etab.ac-reunion.fr\/lyc-victor-schoelcher\/wp-json\/wp\/v2\/media?parent=7239"}],"curies":[{"name":"wp","href":"https:\/\/api.w.org\/{rel}","templated":true}]}}