{"id":257,"date":"2015-11-10T10:32:57","date_gmt":"2015-11-10T06:32:57","guid":{"rendered":"http:\/\/lycee-vincendo.ac-reunion.fr\/?page_id=257"},"modified":"2022-04-30T06:28:23","modified_gmt":"2022-04-30T02:28:23","slug":"st2s-matieres-enseignees-et-coefficients","status":"publish","type":"page","link":"https:\/\/etab.ac-reunion.fr\/lyc-vincendo\/st2s-matieres-enseignees-et-coefficients\/","title":{"rendered":"ST2S-Mati\u00e8res enseign\u00e9es et coefficients"},"content":{"rendered":"<div class=\"formation_ligne_noire_100p marge_bas_10\"><\/div>\n<div style=\"font-size: 14px;width: 625px;height: 80px;color: #ffffff;background-color: #4a3469;border-top: 1px solid #000000;border-right: 1px solid #000000;border-left: 1px solid #000000;clear: both\">\n<div style=\"float: left;width: 300px;height: 80px;border-right: 1px solid #000000;padding-left: 4px\">Enseignements<\/div>\n<div style=\"float: left;width: 100px;height: 80px;padding-left: 4px\">Classe de premi\u00e8re Horaire par \u00e9l\u00e8ve<\/div>\n<div style=\"float: left;width: 200px;height: 80px;border-left: 1px solid #000000;padding-left: 4px\">Classe terminale Horaire par \u00e9l\u00e8ve<\/div>\n<\/div>\n<div class=\"l1\" style=\"font-size: 14px;width: 625px;height: 24px;color: #000000;background-color: #c9c2d2;border-top: 1px solid #000000;border-right: 1px solid #000000;border-left: 1px solid #000000;clear: both\">\n<div style=\"float: left;width: 300px;height: 24px;border-right: 1px solid #000000;padding-left: 4px\">Sciences et techniques sanitaires et sociales<\/div>\n<div style=\"float: left;width: 100px;height: 24px;padding-left: 4px\">7h<\/div>\n<div style=\"float: left;width: 200px;height: 24px;border-left: 1px solid #000000;padding-left: 4px\">8h<\/div>\n<\/div>\n<div class=\"l2\" style=\"font-size: 14px;width: 625px;height: 24px;color: #000000;background-color: #ffffff;border-top: 1px solid #000000;border-right: 1px solid #000000;border-left: 1px solid #000000;clear: both\">\n<div style=\"float: left;width: 300px;height: 24px;border-right: 1px solid #000000;padding-left: 4px\">Biologie et physiopathologie humaines<\/div>\n<div style=\"float: left;width: 100px;height: 24px;padding-left: 4px\">3h<\/div>\n<div style=\"float: left;width: 200px;height: 24px;border-left: 1px solid #000000;padding-left: 4px\">5h<\/div>\n<\/div>\n<div class=\"l1\" style=\"font-size: 14px;width: 625px;height: 24px;color: #000000;background-color: #c9c2d2;border-top: 1px solid #000000;border-right: 1px solid #000000;border-left: 1px solid #000000;clear: both\">\n<div style=\"float: left;width: 300px;height: 24px;border-right: 1px solid #000000;padding-left: 4px\">Fran\u00e7ais<\/div>\n<div style=\"float: left;width: 100px;height: 24px;padding-left: 4px\">3h<\/div>\n<div style=\"float: left;width: 200px;height: 24px;border-left: 1px solid #000000;padding-left: 4px\">&#8211;<\/div>\n<\/div>\n<div class=\"l2\" style=\"font-size: 14px;width: 625px;height: 24px;color: #000000;background-color: #ffffff;border-top: 1px solid #000000;border-right: 1px solid #000000;border-left: 1px solid #000000;clear: both\">\n<div style=\"float: left;width: 300px;height: 24px;border-right: 1px solid #000000;padding-left: 4px\">Langues vivantes 1 et 2<\/div>\n<div style=\"float: left;width: 100px;height: 24px;padding-left: 4px\">3h<\/div>\n<div style=\"float: left;width: 200px;height: 24px;border-left: 1px solid #000000;padding-left: 4px\">3h<\/div>\n<\/div>\n<div class=\"l1\" style=\"font-size: 14px;width: 625px;height: 24px;color: #000000;background-color: #c9c2d2;border-top: 1px solid #000000;border-right: 1px solid #000000;border-left: 1px solid #000000;clear: both\">\n<div style=\"float: left;width: 300px;height: 24px;border-right: 1px solid #000000;padding-left: 4px\">Math\u00e9matiques<\/div>\n<div style=\"float: left;width: 100px;height: 24px;padding-left: 4px\">3h<\/div>\n<div style=\"float: left;width: 200px;height: 24px;border-left: 1px solid #000000;padding-left: 4px\">3h<\/div>\n<\/div>\n<div class=\"l2\" style=\"font-size: 14px;width: 625px;height: 24px;color: #000000;background-color: #ffffff;border-top: 1px solid #000000;border-right: 1px solid #000000;border-left: 1px solid #000000;clear: both\">\n<div style=\"float: left;width: 300px;height: 24px;border-right: 1px solid #000000;padding-left: 4px\">Sciences physiques et chimiques<\/div>\n<div style=\"float: left;width: 100px;height: 24px;padding-left: 4px\">3h<\/div>\n<div style=\"float: left;width: 200px;height: 24px;border-left: 1px solid #000000;padding-left: 4px\">3h<\/div>\n<\/div>\n<div class=\"l1\" style=\"font-size: 14px;width: 625px;height: 24px;color: #000000;background-color: #c9c2d2;border-top: 1px solid #000000;border-right: 1px solid #000000;border-left: 1px solid #000000;clear: both\">\n<div style=\"float: left;width: 300px;height: 24px;border-right: 1px solid #000000;padding-left: 4px\">\u00c9ducation physique et sportive<\/div>\n<div style=\"float: left;width: 100px;height: 24px;padding-left: 4px\">2h<\/div>\n<div style=\"float: left;width: 200px;height: 24px;border-left: 1px solid #000000;padding-left: 4px\">2h<\/div>\n<\/div>\n<div class=\"l2\" style=\"font-size: 14px;width: 625px;height: 24px;color: #000000;background-color: #ffffff;border-top: 1px solid #000000;border-right: 1px solid #000000;border-left: 1px solid #000000;clear: both\">\n<div style=\"float: left;width: 300px;height: 24px;border-right: 1px solid #000000;padding-left: 4px\">Histoire-g\u00e9ographie<\/div>\n<div style=\"float: left;width: 100px;height: 24px;padding-left: 4px\">1h30<\/div>\n<div style=\"float: left;width: 200px;height: 24px;border-left: 1px solid #000000;padding-left: 4px\">1h30<\/div>\n<\/div>\n<div class=\"l1\" style=\"font-size: 14px;width: 625px;height: 24px;color: #000000;background-color: #c9c2d2;border-top: 1px solid #000000;border-right: 1px solid #000000;border-left: 1px solid #000000;clear: both\">\n<div style=\"float: left;width: 300px;height: 24px;border-right: 1px solid #000000;padding-left: 4px\">Philosophie<\/div>\n<div style=\"float: left;width: 100px;height: 24px;padding-left: 4px\">&#8211;<\/div>\n<div style=\"float: left;width: 200px;height: 24px;border-left: 1px solid #000000;padding-left: 4px\">2h<\/div>\n<\/div>\n<div class=\"l2\" style=\"font-size: 14px;width: 625px;height: 24px;color: #000000;background-color: #ffffff;border-top: 1px solid #000000;border-right: 1px solid #000000;border-left: 1px solid #000000;clear: both\">\n<div style=\"float: left;width: 300px;height: 24px;border-right: 1px solid #000000;padding-left: 4px\">Accompagnement personnalis\u00e9<\/div>\n<div style=\"float: left;width: 100px;height: 24px;padding-left: 4px\">2h<\/div>\n<div style=\"float: left;width: 200px;height: 24px;border-left: 1px solid #000000;padding-left: 4px\">2h<\/div>\n<\/div>\n<div class=\"l1\" style=\"font-size: 14px;width: 625px;height: 24px;color: #000000;background-color: #c9c2d2;clear: both;border: 1px solid #000000\">\n<div style=\"float: left;width: 300px;height: 24px;border-right: 1px solid #000000;padding-left: 4px\">EMC<\/div>\n<div style=\"float: left;width: 100px;height: 24px;padding-left: 4px\">0h30<\/div>\n<div style=\"float: left;width: 200px;height: 24px;border-left: 1px solid #000000;padding-left: 4px\">0h30<\/div>\n<\/div>\n<div class=\"marge_bas_20\"><\/div>\n<div style=\"font-weight: bold;color: #135191\">Examens en fin de Premi\u00e8re (EAF) :<\/div>\n<ul style=\"margin-top: 0\">\n<li style=\"color: #ffa500\">Oral de Fran\u00e7ais ,<\/li>\n<li style=\"color: #ffa500\">Fran\u00e7ais Ecrit.<\/li>\n<\/ul>\n<div style=\"font-weight: bold;color: #135191\">Examens en fin de Terminale :<\/div>\n<ul style=\"margin-top: 0\">\n<li style=\"color: #ffa500\">Biologie et physiopathologie humaines<\/li>\n<li style=\"color: #ffa500\">Sciences et techniques sanitaires et sociales<\/li>\n<li style=\"color: #ffa500\">Le grand oral<\/li>\n<li style=\"color: #ffa500\">Philosophie<\/li>\n<\/ul>\n","protected":false},"excerpt":{"rendered":"<p>Enseignements Classe de premi\u00e8re Horaire par \u00e9l\u00e8ve Classe terminale Horaire par \u00e9l\u00e8ve Sciences et techniques sanitaires et sociales 7h 8h Biologie et physiopathologie humaines 3h 5h Fran\u00e7ais 3h &#8211; Langues vivantes 1 et 2 3h 3h Math\u00e9matiques 3h 3h Sciences physiques et chimiques 3h 3h \u00c9ducation physique et sportive 2h\u2026<\/p>\n<p class=\"continue-reading-button\"> <a class=\"continue-reading-link\" href=\"https:\/\/etab.ac-reunion.fr\/lyc-vincendo\/st2s-matieres-enseignees-et-coefficients\/\">Lire la suite<i class=\"crycon-right-dir\"><\/i><\/a><\/p>\n","protected":false},"author":8485,"featured_media":0,"parent":0,"menu_order":0,"comment_status":"closed","ping_status":"closed","template":"","meta":{"footnotes":""},"class_list":["post-257","page","type-page","status-publish","hentry"],"_links":{"self":[{"href":"https:\/\/etab.ac-reunion.fr\/lyc-vincendo\/wp-json\/wp\/v2\/pages\/257","targetHints":{"allow":["GET"]}}],"collection":[{"href":"https:\/\/etab.ac-reunion.fr\/lyc-vincendo\/wp-json\/wp\/v2\/pages"}],"about":[{"href":"https:\/\/etab.ac-reunion.fr\/lyc-vincendo\/wp-json\/wp\/v2\/types\/page"}],"author":[{"embeddable":true,"href":"https:\/\/etab.ac-reunion.fr\/lyc-vincendo\/wp-json\/wp\/v2\/users\/8485"}],"replies":[{"embeddable":true,"href":"https:\/\/etab.ac-reunion.fr\/lyc-vincendo\/wp-json\/wp\/v2\/comments?post=257"}],"version-history":[{"count":10,"href":"https:\/\/etab.ac-reunion.fr\/lyc-vincendo\/wp-json\/wp\/v2\/pages\/257\/revisions"}],"predecessor-version":[{"id":3155,"href":"https:\/\/etab.ac-reunion.fr\/lyc-vincendo\/wp-json\/wp\/v2\/pages\/257\/revisions\/3155"}],"wp:attachment":[{"href":"https:\/\/etab.ac-reunion.fr\/lyc-vincendo\/wp-json\/wp\/v2\/media?parent=257"}],"curies":[{"name":"wp","href":"https:\/\/api.w.org\/{rel}","templated":true}]}}